-- https://www.phpmyadmin.net/
--

START TRANSACTION;



--
-- Database: `db_talentazo`
--

-- --------------------------------------------------------

--
-- Table structure for table `tbl_categories`
--

CREATE TABLE `tbl_categories` (
  `cat_id` int(11) NOT NULL,
  `cat_name` varchar(100) NOT NULL,
  `cat_img` varchar(255) NOT NULL,
  `cat_status` int(11) NOT NULL,
  `cat_added_on` timestamp NOT NULL DEFAULT current_timestamp() ON UPDATE current_timestamp()
) ENGINE=InnoDB DEFAULT CHARSET=utf8mb4;

--
-- Dumping data for table `tbl_categories`
--

INSERT INTO `tbl_categories` (`cat_id`, `cat_name`, `cat_img`, `cat_status`, `cat_added_on`) VALUES
(0, '', '', 1, '2021-08-12 08:42:31'),
(10, 'Nutrition', 'nutrition.jpg', 1, '2021-06-18 11:03:13'),
(11, 'Handmade', 'hand-made.webp', 1, '2021-06-18 11:04:47'),
(12, 'Baking', 'baking.jpg', 1, '2021-06-18 11:05:33'),
(13, 'Cooking', 'cooking.jpg', 1, '2021-06-18 11:06:17'),
(14, 'Music', 'music.jpg', 1, '2021-06-18 11:06:46'),
(15, 'Entertainment', 'entertainment.jpeg', 1, '2021-06-24 09:17:35'),
(16, 'Fashion', 'fashion.jpg', 1, '2021-06-24 09:18:23'),
(17, 'Art', 'art.jpg', 1, '2021-06-24 09:19:34'),
(18, 'Photos & Videos', 'photo-video.jpg', 1, '2021-06-24 09:19:29');

-- --------------------------------------------------------

--
-- Table structure for table `tbl_deal_tags`
--

CREATE TABLE `tbl_deal_tags` (
  `deal_tag_id` int(11) NOT NULL,
  `deal_tag_name` varchar(255) NOT NULL,
  `deal_tag_status` varchar(255) NOT NULL,
  `deal_tag_added_on` timestamp NOT NULL DEFAULT current_timestamp() ON UPDATE current_timestamp()
) ENGINE=InnoDB DEFAULT CHARSET=utf8mb4;

--
-- Dumping data for table `tbl_deal_tags`
--

INSERT INTO `tbl_deal_tags` (`deal_tag_id`, `deal_tag_name`, `deal_tag_status`, `deal_tag_added_on`) VALUES
(0, '', '1', '2021-08-12 08:42:59'),
(4, '-', '1', '2021-08-07 13:41:34'),
(5, 'Get Free Item ', '1', '2021-06-12 13:23:03'),
(6, 'Get Free Delivery', '1', '2021-06-12 13:23:12'),
(7, 'Get Free Consultation', '1', '2021-06-12 13:23:18'),
(8, 'Get Free Snack', '1', '2021-06-12 13:23:25'),
(9, 'Get Free Bag', '1', '2021-06-12 13:23:33'),
(10, 'Get Free Meal ', '1', '2021-08-07 13:40:36');

-- --------------------------------------------------------

--
-- Table structure for table `tbl_occassions`
--

CREATE TABLE `tbl_occassions` (
  `post_occassion_id` int(11) NOT NULL,
  `post_occassion_name` varchar(50) NOT NULL,
  `post_occassion_status` varchar(255) NOT NULL,
  `post_occassion_added_on` timestamp NOT NULL DEFAULT current_timestamp() ON UPDATE current_timestamp()
) ENGINE=InnoDB DEFAULT CHARSET=utf8mb4;

--
-- Dumping data for table `tbl_occassions`
--

INSERT INTO `tbl_occassions` (`post_occassion_id`, `post_occassion_name`, `post_occassion_status`, `post_occassion_added_on`) VALUES
(0, '', '1', '2021-08-12 08:43:23'),
(3, 'Birthday', '1', '2021-06-12 11:49:03'),
(4, 'Wedding ', '1', '2021-06-12 11:49:09'),
(5, 'Christmas ', '1', '2021-06-12 11:49:15'),
(6, 'New Year\'s ', '1', '2021-07-26 10:52:07'),
(7, 'Mother\'s Day', '1', '2021-07-26 10:51:37'),
(8, 'Swiss National Day', '1', '2021-06-12 11:49:33'),
(9, 'Women\'s Day', '1', '2021-07-26 10:52:13'),
(10, 'Valentine\'s Day', '1', '2021-07-26 10:55:52'),
(11, 'Anniversary', '1', '2021-06-12 11:49:49'),
(12, 'Breakfast ', '1', '2021-06-12 11:49:55'),
(13, 'Brunch', '1', '2021-06-12 11:50:00'),
(14, 'Lunch ', '1', '2021-06-12 11:50:09'),
(15, 'Dinner', '1', '2021-06-12 11:50:16'),
(16, 'Team Events', '1', '2021-06-12 11:50:24'),
(17, 'Ap&eacute;ro', '1', '2021-07-26 11:31:50'),
(18, 'Newborn', '1', '2021-06-24 09:56:19'),
(19, 'Pregnancy', '1', '2021-06-24 09:56:19'),
(20, 'Baby Shower', '1', '2021-06-24 09:56:19');

-- --------------------------------------------------------

--
-- Table structure for table `tbl_post`
--

CREATE TABLE `tbl_post` (
  `post_id` int(11) NOT NULL,
  `post_cat_id` int(11) NOT NULL,
  `post_topic_id` int(11) NOT NULL,
  `seller_id` int(11) NOT NULL,
  `post_title` varchar(255) NOT NULL,
  `post_occassion` varchar(20) NOT NULL,
  `post_deal_tag` int(11) NOT NULL,
  `post_tag` varchar(50) NOT NULL,
  `post_para1` text CHARACTER SET utf8 COLLATE utf8_unicode_ci NOT NULL,
  `post_file1` varchar(200) NOT NULL,
  `post_para2` text NOT NULL,
  `post_file2` varchar(200) NOT NULL,
  `post_youtube_link` text NOT NULL,
  `post_link_listing` text NOT NULL,
  `post_status` varchar(20) NOT NULL,
  `post_created_on` timestamp NOT NULL DEFAULT current_timestamp() ON UPDATE current_timestamp(),
  `post_updated` timestamp NULL DEFAULT NULL
) ENGINE=InnoDB DEFAULT CHARSET=utf8mb4;

--
-- Dumping data for table `tbl_post`
--

INSERT INTO `tbl_post` (`post_id`, `post_cat_id`, `post_topic_id`, `seller_id`, `post_title`, `post_occassion`, `post_deal_tag`, `post_tag`, `post_para1`, `post_file1`, `post_para2`, `post_file2`, `post_youtube_link`, `post_link_listing`, `post_status`, `post_created_on`, `post_updated`) VALUES
(71, 10, 1, 5, 'title test 1', '3', 4, '1,2,3,4', 'Lorem Ipsum is simply dummy text of the printing and typesetting industry. Lorem Ipsum has been the industrys standard dummy text ever since the 1500s, when an unknown printer took a galley of type and scrambled it to make a type specimen book. It has survived not only five centuries, but also the leap into electronic typesetting, remaining essentially unchanged. It was popularised in the 1960s with the release of Letraset sheets containing Lorem Ipsum passages, and more recently with desktop publishing software like Aldus PageMaker including versions of Lorem Ipsum.', 'WhatsApp Image 2021-06-05 at 2.26.59 AM.jpeg', 'Lorem Ipsum is simply dummy text of the printing and typesetting industry. Lorem Ipsum has been the industrys standard dummy text ever since the 1500s, when an unknown printer took a galley of type and scrambled it to make a type specimen book. It has survived not only five centuries, but also the leap into electronic typesetting, remaining essentially unchanged. It was popularised in the 1960s with the release of Letraset sheets containing Lorem Ipsum passages, and more recently with desktop publishing software like Aldus PageMaker including versions of Lorem Ipsum.', 'custom.jpg', 'https://www.youtube.com/embed/kj9KAmIqhEE,https://www.youtube.com/embed/vkBTEvxVImQ', 'https://www.talentazo.com/catering/anniversary-brunchbox-323,https://www.talentazo.com/catering/apero-riche-box-149,https://www.talentazo.com/catering/brunch-box-153', '2', '2021-07-29 14:11:55', NULL),
(72, 10, 3, 5, 'title test 2', '7,9', 5, '8,9,10,11,12', 'Lorem Ipsum is simply dummy text of the printing and typesetting industry. Lorem Ipsum has been the industrys standard dummy text ever since the 1500s, when an unknown printer took a galley of type and scrambled it to make a type specimen book. It has survived not only five centuries, but also the leap into electronic typesetting, remaining essentially unchanged. It was popularised in the 1960s with the release of Letraset sheets containing Lorem Ipsum passages, and more recently with desktop publishing software like Aldus PageMaker including versions of Lorem Ipsum.', 'custom.jpg', 'Lorem Ipsum is simply dummy text of the printing and typesetting industry. Lorem Ipsum has been the industrys standard dummy text ever since the 1500s, when an unknown printer took a galley of type and scrambled it to make a type specimen book. It has survived not only five centuries, but also the leap into electronic typesetting, remaining essentially unchanged. It was popularised in the 1960s with the release of Letraset sheets containing Lorem Ipsum passages, and more recently with desktop publishing software like Aldus PageMaker including versions of Lorem Ipsum.', 'screencapture-shefafarms-2021-06-11-20_52_28.png', 'https://www.youtube.com/embed/kj9KAmIqhEE,https://www.youtube.com/embed/vkBTEvxVImQ', 'https://www.talentazo.com/catering/anniversary-brunchbox-323,https://www.talentazo.com/catering/apero-riche-box-149,https://www.talentazo.com/catering/brunch-box-153', '2', '2021-07-29 14:11:58', NULL),
(73, 10, 16, 5, 'title test 3', '12,13,14,15', 4, '13,14,15,25', 'Lorem Ipsum is simply dummy text of the printing and typesetting industry. Lorem Ipsum has been the industrys standard dummy text ever since the 1500s, when an unknown printer took a galley of type and scrambled it to make a type specimen book. It has survived not only five centuries, but also the leap into electronic typesetting, remaining essentially unchanged. It was popularised in the 1960s with the release of Letraset sheets containing Lorem Ipsum passages, and more recently with desktop publishing software like Aldus PageMaker including versions of Lorem Ipsum.', 'output.png', 'Lorem Ipsum is simply dummy text of the printing and typesetting industry. Lorem Ipsum has been the industrys standard dummy text ever since the 1500s, when an unknown printer took a galley of type and scrambled it to make a type specimen book. It has survived not only five centuries, but also the leap into electronic typesetting, remaining essentially unchanged. It was popularised in the 1960s with the release of Letraset sheets containing Lorem Ipsum passages, and more recently with desktop publishing software like Aldus PageMaker including versions of Lorem Ipsum.', 'IKnowJoe (1).png', 'https://www.youtube.com/embed/kj9KAmIqhEE,https://www.youtube.com/embed/vkBTEvxVImQ', 'https://www.talentazo.com/catering/anniversary-brunchbox-323,https://www.talentazo.com/catering/apero-riche-box-149,https://www.talentazo.com/catering/brunch-box-153', '2', '2021-08-10 11:48:44', NULL),
(74, 10, 6, 5, 'title test 4', '11,16,17,18', 6, '30,34,35,36', 'Lorem Ipsum is simply dummy text of the printing and typesetting industry. Lorem Ipsum has been the industrys standard dummy text ever since the 1500s, when an unknown printer took a galley of type and scrambled it to make a type specimen book. It has survived not only five centuries, but also the leap into electronic typesetting, remaining essentially unchanged. It was popularised in the 1960s with the release of Letraset sheets containing Lorem Ipsum passages, and more recently with desktop publishing software like Aldus PageMaker including versions of Lorem Ipsum.', 'output.png', 'Lorem Ipsum is simply dummy text of the printing and typesetting industry. Lorem Ipsum has been the industrys standard dummy text ever since the 1500s, when an unknown printer took a galley of type and scrambled it to make a type specimen book. It has survived not only five centuries, but also the leap into electronic typesetting, remaining essentially unchanged. It was popularised in the 1960s with the release of Letraset sheets containing Lorem Ipsum passages, and more recently with desktop publishing software like Aldus PageMaker including versions of Lorem Ipsum.', 'IKnowJoe (1).png', 'https://www.youtube.com/embed/kj9KAmIqhEE,https://www.youtube.com/embed/vkBTEvxVImQ', 'https://www.talentazo.com/catering/anniversary-brunchbox-323,https://www.talentazo.com/catering/apero-riche-box-149,https://www.talentazo.com/catering/brunch-box-153', '2', '2021-07-29 14:12:03', NULL),
(75, 11, 4, 5, 'title test 5', '3,5,6,8', 7, '46,47,48', 'Lorem Ipsum is simply dummy text of the printing and typesetting industry. Lorem Ipsum has been the industrys standard dummy text ever since the 1500s, when an unknown printer took a galley of type and scrambled it to make a type specimen book. It has survived not only five centuries, but also the leap into electronic typesetting, remaining essentially unchanged. It was popularised in the 1960s with the release of Letraset sheets containing Lorem Ipsum passages, and more recently with desktop publishing software like Aldus PageMaker including versions of Lorem Ipsum.', 'output.png', 'Lorem Ipsum is simply dummy text of the printing and typesetting industry. Lorem Ipsum has been the industrys standard dummy text ever since the 1500s, when an unknown printer took a galley of type and scrambled it to make a type specimen book. It has survived not only five centuries, but also the leap into electronic typesetting, remaining essentially unchanged. It was popularised in the 1960s with the release of Letraset sheets containing Lorem Ipsum passages, and more recently with desktop publishing software like Aldus PageMaker including versions of Lorem Ipsum.', 'IKnowJoe (1).png', 'https://www.youtube.com/embed/kj9KAmIqhEE,https://www.youtube.com/embed/vkBTEvxVImQ', 'https://www.talentazo.com/catering/anniversary-brunchbox-323,https://www.talentazo.com/catering/apero-riche-box-149,https://www.talentazo.com/catering/brunch-box-153', '2', '2021-07-29 14:12:05', NULL),
(76, 12, 45, 5, 'title test 6', '3,5,6,8', 7, '99,100,102,104,105', 'Lorem Ipsum is simply dummy text of the printing and typesetting industry. Lorem Ipsum has been the industrys standard dummy text ever since the 1500s, when an unknown printer took a galley of type and scrambled it to make a type specimen book. It has survived not only five centuries, but also the leap into electronic typesetting, remaining essentially unchanged. It was popularised in the 1960s with the release of Letraset sheets containing Lorem Ipsum passages, and more recently with desktop publishing software like Aldus PageMaker including versions of Lorem Ipsum.', 'output.png', 'Lorem Ipsum is simply dummy text of the printing and typesetting industry. Lorem Ipsum has been the industrys standard dummy text ever since the 1500s, when an unknown printer took a galley of type and scrambled it to make a type specimen book. It has survived not only five centuries, but also the leap into electronic typesetting, remaining essentially unchanged. It was popularised in the 1960s with the release of Letraset sheets containing Lorem Ipsum passages, and more recently with desktop publishing software like Aldus PageMaker including versions of Lorem Ipsum.', 'IKnowJoe (1).png', 'https://www.youtube.com/embed/kj9KAmIqhEE,https://www.youtube.com/embed/vkBTEvxVImQ', 'https://www.talentazo.com/catering/anniversary-brunchbox-323,https://www.talentazo.com/catering/apero-riche-box-149,https://www.talentazo.com/catering/brunch-box-153', '2', '2021-07-29 14:12:07', NULL),
(77, 11, 5, 5, 'title test 7', '10,12,15,16,17,18', 7, '46,47,48', 'Lorem Ipsum is simply dummy text of the printing and typesetting industry. Lorem Ipsum has been the industrys standard dummy text ever since the 1500s, when an unknown printer took a galley of type and scrambled it to make a type specimen book. It has survived not only five centuries, but also the leap into electronic typesetting, remaining essentially unchanged. It was popularised in the 1960s with the release of Letraset sheets containing Lorem Ipsum passages, and more recently with desktop publishing software like Aldus PageMaker including versions of Lorem Ipsum.', 'output.png', 'Lorem Ipsum is simply dummy text of the printing and typesetting industry. Lorem Ipsum has been the industrys standard dummy text ever since the 1500s, when an unknown printer took a galley of type and scrambled it to make a type specimen book. It has survived not only five centuries, but also the leap into electronic typesetting, remaining essentially unchanged. It was popularised in the 1960s with the release of Letraset sheets containing Lorem Ipsum passages, and more recently with desktop publishing software like Aldus PageMaker including versions of Lorem Ipsum.', 'IKnowJoe (1).png', 'https://www.youtube.com/embed/kj9KAmIqhEE,https://www.youtube.com/embed/vkBTEvxVImQ', 'https://www.talentazo.com/catering/anniversary-brunchbox-323,https://www.talentazo.com/catering/apero-riche-box-149,https://www.talentazo.com/catering/brunch-box-153', '2', '2021-07-29 14:12:09', NULL),
(78, 11, 5, 5, 'title test 7', '10,12,15,16,17,18', 7, '50,51,52', 'Lorem Ipsum is simply dummy text of the printing and typesetting industry. Lorem Ipsum has been the industrys standard dummy text ever since the 1500s, when an unknown printer took a galley of type and scrambled it to make a type specimen book. It has survived not only five centuries, but also the leap into electronic typesetting, remaining essentially unchanged. It was popularised in the 1960s with the release of Letraset sheets containing Lorem Ipsum passages, and more recently with desktop publishing software like Aldus PageMaker including versions of Lorem Ipsum.', 'mens.jpg', 'Lorem Ipsum is simply dummy text of the printing and typesetting industry. Lorem Ipsum has been the industrys standard dummy text ever since the 1500s, when an unknown printer took a galley of type and scrambled it to make a type specimen book. It has survived not only five centuries, but also the leap into electronic typesetting, remaining essentially unchanged. It was popularised in the 1960s with the release of Letraset sheets containing Lorem Ipsum passages, and more recently with desktop publishing software like Aldus PageMaker including versions of Lorem Ipsum.', 'ezgif.com-gif-maker.jpg', 'https://www.youtube.com/embed/kj9KAmIqhEE,https://www.youtube.com/embed/vkBTEvxVImQ', 'https://www.talentazo.com/catering/anniversary-brunchbox-323,https://www.talentazo.com/catering/apero-riche-box-149,https://www.talentazo.com/catering/brunch-box-153', '2', '2021-07-29 14:12:10', NULL),
(80, 11, 5, 5, 'Title test 8', '3,6', 9, '47,48', 'Lorem Ipsum is simply dummy text of the printing and typesetting industry. Lorem Ipsum has been the industrys standard dummy text ever since the 1500s.', 'loading.gif', 'Lorem Ipsum is simply dummy text of the printing and typesetting industry. Lorem Ipsum has been the industrys standard dummy text ever since the 1500s.', 'screencapture-cyrusverhuur-nl-checkout-order-received-707-2021-06-11-14_55_34.png', 'https://www.youtube.com/embed/kj9KAmIqhEE,https://www.youtube.com/embed/vkBTEvxVImQ', 'https://www.talentazo.com/catering/anniversary-brunchbox-323,https://www.talentazo.com/catering/apero-riche-box-149,https://www.talentazo.com/catering/brunch-box-153', '2', '2021-07-29 14:12:12', NULL),
(81, 13, 55, 5, 'title test 8', '3,6', 7, '153,154,155', 'Lorem Ipsum is simply dummy text of the printing and typesetting industry. Lorem Ipsum has been the industrys standard dummy text ever since the 1500s, when an unknown printer took a galley of type and scrambled it to make a type specimen book. It has survived not only five centuries, but also the leap into electronic typesetting, remaining essentially unchanged. It was popularised in the 1960s with the release of Letraset sheets containing Lorem Ipsum passages, and more recently with desktop publishing software like Aldus PageMaker including versions of Lorem Ipsum.', 'screencapture-shefafarms-2021-06-11-20_52_28.png', 'Lorem Ipsum is simply dummy text of the printing and typesetting industry. Lorem Ipsum has been the industrys standard dummy text ever since the 1500s, when an unknown printer took a galley of type and scrambled it to make a type specimen book. It has survived not only five centuries, but also the leap into electronic typesetting, remaining essentially unchanged. It was popularised in the 1960s with the release of Letraset sheets containing Lorem Ipsum passages, and more recently with desktop publishing software like Aldus PageMaker including versions of Lorem Ipsum.', 'screencapture-cyrusverhuur-nl-checkout-order-received-707-2021-06-11-14_55_34.png', 'https://www.youtube.com/embed/kj9KAmIqhEE,https://www.youtube.com/embed/vkBTEvxVImQ', 'https://www.talentazo.com/catering/anniversary-brunchbox-323,https://www.talentazo.com/catering/apero-riche-box-149,https://www.talentazo.com/catering/brunch-box-153', '2', '2021-07-29 14:12:14', NULL),
(82, 14, 64, 5, 'test title 10', '4,7', 8, '201,202', 'Lorem Ipsum is simply dummy text of the printing and typesetting industry. Lorem Ipsum has been the industrys standard dummy text ever since the 1500s, when an unknown printer took a galley of type and scrambled it to make a type specimen book. It has survived not only five centuries, but also the leap into electronic typesetting, remaining essentially unchanged. It was popularised in the 1960s with the release of Letraset sheets containing Lorem Ipsum passages, and more recently with desktop publishing software like Aldus PageMaker including versions of Lorem Ipsum.', 'image.png', 'Lorem Ipsum is simply dummy text of the printing and typesetting industry. Lorem Ipsum has been the industrys standard dummy text ever since the 1500s, when an unknown printer took a galley of type and scrambled it to make a type specimen book. It has survived not only five centuries, but also the leap into electronic typesetting, remaining essentially unchanged. It was popularised in the 1960s with the release of Letraset sheets containing Lorem Ipsum passages, and more recently with desktop publishing software like Aldus PageMaker including versions of Lorem Ipsum.', 'image.png', 'https://www.youtube.com/embed/kj9KAmIqhEE,https://www.youtube.com/embed/vkBTEvxVImQ', 'https://www.talentazo.com/catering/anniversary-brunchbox-323,https://www.talentazo.com/catering/apero-riche-box-149,https://www.talentazo.com/catering/brunch-box-153', '2', '2021-07-29 14:12:16', NULL),
(83, 10, 1, 5, 'Awesome Ways to Pamper Yourself', '18,19,20', 9, '10,11,30,36', 'You did it. From the early-morning nausea to the leg cramping and muscle spasms, to the beautiful mess that childbirth actually is, you gave birth to a beautiful baby (or two, or maybe even three...) that you are now responsible for, for the rest of your life.', 'pexels-photo-698878_1024x1024.jpeg', 'You did it. From the early-morning nausea to the leg cramping and muscle spasms, to the beautiful mess that childbirth actually is, you gave birth to a beautiful baby (or two, or maybe even three...) that you are now responsible for, for the rest of your life. Take a minute, reflect on the past nine months of childbearing, and reward yourself for a job well done with one of these favorite, tried and true luxurious ways to pamper your body, soul and mind post pregnancy', 'image.png', 'https://www.youtube.com/embed/kj9KAmIqhEE,https://www.youtube.com/embed/vkBTEvxVImQ', 'https://www.talentazo.com/catering/anniversary-brunchbox-323,https://www.talentazo.com/catering/apero-riche-box-149,https://www.talentazo.com/catering/brunch-box-153', '0', '2021-07-31 09:26:55', NULL),
(86, 10, 16, 5, 'Healthy Eating', '12,13,14,15', 4, '1,2,3,10,11', 'have always enjoyed treating myself. Just last week I promised myself a fancy coffee with full-fat milk from The Mill at this fabulous studio called Salt in San Francisco if I worked out five days in a row. Although I was incredibly sore, I did it, and I thoroughly enjoyed the $4 cappuccino in a hip atmosphere afterward. While it’s great when friends, family members, and significant others treat you to something unexpected for a special occasion like your birthday, what about the other 364 days of the year? Life is too short to not treat yourself. After all, you work hard, so why not celebrate all the little, everyday accomplishments with a treat every now and then? Whether you’ve achieved a long-term goal that you have been working toward or simply had the most productive day ever and crossed off everything on your to-do list, you’re worth it and that you deserve it.', 'alonetime-9f95b26d2b7a42159148a846302d16a7.webp', 'have always enjoyed treating myself. Just last week I promised myself a fancy coffee with full-fat milk from The Mill at this fabulous studio called Salt in San Francisco if I worked out five days in a row. Although I was incredibly sore, I did it, and I thoroughly enjoyed the $4 cappuccino in a hip atmosphere afterward. While it’s great when friends, family members, and significant others treat you to something unexpected for a special occasion like your birthday, what about the other 364 days of the year? Life is too short to not treat yourself. After all, you work hard, so why not celebrate all the little, everyday accomplishments with a treat every now and then? Whether you’ve achieved a long-term goal that you have been working toward or simply had the most productive day ever and crossed off everything on your to-do list, you’re worth it and that you deserve it.', 'screencapture-shefafarms-2021-06-11-20_52_28.png', 'https://www.youtube.com/embed/kj9KAmIqhEE,https://www.youtube.com/embed/vkBTEvxVImQ', 'https://www.talentazo.com/catering/anniversary-brunchbox-323,https://www.talentazo.com/catering/apero-riche-box-149,https://www.talentazo.com/catering/brunch-box-153', '0', '2021-07-31 09:26:57', NULL),
(87, 18, 118, 5, 'sdfsdfsdf', '3,6', 4, '330,331', 'Lorem Ipsum is simply dummy text of the printing and typesetting industry. Lorem Ipsum has been the industrys standard dummy text ever since the 1500s, when an unknown printer took a galley of type and scrambled it to make a type specimen book. It has survived not only five centuries, but also the leap into electronic typesetting, remaining essentially unchanged. It was popularised in the 1960s with the release of Letraset sheets containing Lorem Ipsum passages, and more recently with desktop publishing software like Aldus PageMaker including versions of Lorem Ipsum.', 'e-commerce-development.jpg', 'Lorem Ipsum is simply dummy text of the printing and typesetting industry. Lorem Ipsum has been the industrys standard dummy text ever since the 1500s, when an unknown printer took a galley of type and scrambled it to make a type specimen book. It has survived not only five centuries, but also the leap into electronic typesetting, remaining essentially unchanged. It was popularised in the 1960s with the release of Letraset sheets containing Lorem Ipsum passages, and more recently with desktop publishing software like Aldus PageMaker including versions of Lorem Ipsum.', 'screencapture-shefafarms-2021-06-11-20_52_28.png', 'https://www.youtube.com/embed/kj9KAmIqhEE,https://www.youtube.com/embed/vkBTEvxVImQ', 'https://www.talentazo.com/catering/anniversary-brunchbox-323,https://www.talentazo.com/catering/apero-riche-box-149,https://www.talentazo.com/catering/brunch-box-153', '2', '2021-07-31 09:27:11', NULL),
(89, 10, 1, 5, 'abc title', '3,4,5,6,7', 8, '1,2', 'Lorem Ipsum is simply dummy text of the printing and typesetting industry. Lorem Ipsum has been the industrys standard dummy text ever since the 1500s, when an unknown printer took a galley of type and scrambled it to make a type specimen book. It has survived not only five centuries, but also the leap into electronic typesetting, remaining essentially unchanged. It was popularised in the 1960s with the release of Letraset sheets containing Lorem Ipsum passages, and more recently with desktop publishing software like Aldus PageMaker including versions of Lorem Ipsum.', 'Syeda Afroz Logo.png', 'Lorem Ipsum is simply dummy text of the printing and typesetting industry. Lorem Ipsum has been the industrys standard dummy text ever since the 1500s, when an unknown printer took a galley of type and scrambled it to make a type specimen book. It has survived not only five centuries, but also the leap into electronic typesetting, remaining essentially unchanged. It was popularised in the 1960s with the release of Letraset sheets containing Lorem Ipsum passages, and more recently with desktop publishing software like Aldus PageMaker including versions of Lorem Ipsum.', 'screencapture-shefafarms-2021-06-11-20_52_28.png', 'https://www.youtube.com/embed/kj9KAmIqhEE,https://www.youtube.com/embed/vkBTEvxVImQ', 'https://www.talentazo.com/catering/anniversary-brunchbox-323,https://www.talentazo.com/catering/apero-riche-box-149,https://www.talentazo.com/catering/brunch-box-153', '2', '2021-07-31 09:27:35', NULL),
(91, 14, 70, 5, 'music post', '3,15', 9, '209', 'Lorem Ipsum is simply dummy text of the printing and typesetting industry. Lorem Ipsum has been the industrys standard dummy text ever since the 1500s, when an unknown printer took a galley of type and scrambled it to make a type specimen book. It has survived not only five centuries, but also the leap into electronic typesetting, remaining essentially unchanged. It was popularised in the 1960s with the release of Letraset sheets containing Lorem Ipsum passages, and more recently with desktop publishing software like Aldus PageMaker including versions of Lorem Ipsum.', 'screencapture-shefafarms-2021-06-11-20_52_28.png', 'Lorem Ipsum is simply dummy text of the printing and typesetting industry. Lorem Ipsum has been the industrys standard dummy text ever since the 1500s, when an unknown printer took a galley of type and scrambled it to make a type specimen book. It has survived not only five centuries, but also the leap into electronic typesetting, remaining essentially unchanged. It was popularised in the 1960s with the release of Letraset sheets containing Lorem Ipsum passages, and more recently with desktop publishing software like Aldus PageMaker including versions of Lorem Ipsum.', 'screencapture-shefafarms-2021-06-11-20_52_28.png', 'https://www.youtube.com/embed/kj9KAmIqhEE,https://www.youtube.com/embed/vkBTEvxVImQ', 'https://www.talentazo.com/catering/anniversary-brunchbox-323,https://www.talentazo.com/catering/apero-riche-box-149,https://www.talentazo.com/catering/brunch-box-153', '2', '2021-07-14 14:16:07', NULL),
(94, 10, 83, 7, 'fashion post title aaaaa', '4,5,10,11', 8, '260,261,262,263,264,265,266,267', 'Lorem Ipsum is simply dummy text of the printing and typesetting industry. Lorem Ipsum has been the industrys standard dummy text ever since the 1500s, when an unknown printer took a galley of type and scrambled it to make a type specimen book. It has survived not only five centuries, but also the leap into electronic typesetting, remaining essentially unchanged. It was popularised in the 1960s with the release of Letraset sheets containing Lorem Ipsum passages, and more recently with desktop publishing software like Aldus PageMaker including versions of Lorem Ipsum.', 'screencapture-shefafarms-2021-06-11-20_52_28.png', 'Lorem Ipsum is simply dummy text of the printing and typesetting industry. Lorem Ipsum has been the industrys standard dummy text ever since the 1500s, when an unknown printer took a galley of type and scrambled it to make a type specimen book. It has survived not only five centuries, but also the leap into electronic typesetting, remaining essentially unchanged. It was popularised in the 1960s with the release of Letraset sheets containing Lorem Ipsum passages, and more recently with desktop publishing software like Aldus PageMaker including versions of Lorem Ipsum.', 'screencapture-shefafarms-2021-06-11-20_52_28.png', 'https://www.youtube.com/embed/kj9KAmIqhEE,https://www.youtube.com/embed/vkBTEvxVImQ', 'https://www.talentazo.com/catering/anniversary-brunchbox-323,https://www.talentazo.com/catering/apero-riche-box-149,https://www.talentazo.com/catering/brunch-box-153', '0', '2021-07-31 09:26:52', '2021-07-05 19:00:00'),
(95, 10, 3, 7, 'new title zeeshan emmanuel', '3,4,6,7,9,10,12,13', 7, '1,2,3,4,5,6', 'Lorem Ipsum is simply dummy text of the printing and typesetting industry. Lorem Ipsum has been the industrys standard dummy text ever since the 1500s, when an unknown printer took a galley of type and scrambled it to make a type specimen book. It has survived not only five centuries, but also the leap into electronic typesetting, remaining essentially unchanged. It was popularised in the 1960s with the release of Letraset sheets containing Lorem Ipsum passages, and more recently with desktop publishing software like Aldus PageMaker including versions of Lorem Ipsum.', 'WhatsApp Image 2021-06-05 at 2.26.59 AM.jpeg', 'Lorem Ipsum is simply dummy text of the printing and typesetting industry. Lorem Ipsum has been the industrys standard dummy text ever since the 1500s, when an unknown printer took a galley of type and scrambled it to make a type specimen book. It has survived not only five centuries, but also the leap into electronic typesetting, remaining essentially unchanged. It was popularised in the 1960s with the release of Letraset sheets containing Lorem Ipsum passages, and more recently with desktop publishing software like Aldus PageMaker including versions of Lorem Ipsum.', 'screencapture-shefafarms-2021-06-11-20_52_28.png', 'https://www.youtube.com/embed/kj9KAmIqhEE,https://www.youtube.com/embed/vkBTEvxVImQ', 'https://www.talentazo.com/catering/anniversary-brunchbox-323,https://www.talentazo.com/catering/apero-riche-box-149,https://www.talentazo.com/catering/brunch-box-153', '0', '2021-08-02 14:28:57', '2021-07-05 19:00:00'),
(97, 10, 3, 7, 'another title update', '3,4,5', 6, '1,2,3', 'Lorem Ipsum is simply dummy text of the printing and typesetting industry. Lorem Ipsum has been the industrys standard dummy text ever since the 1500s, when an unknown printer took a galley of type and scrambled it to make a type specimen book. It has survived not only five centuries, but also the leap into electronic typesetting, remaining essentially unchanged. It was popularised in the 1960s with the release of Letraset sheets containing Lorem Ipsum passages, and more recently with desktop publishing software like Aldus PageMaker including versions of Lorem Ipsum.', 'custom.jpg', 'Lorem Ipsum is simply dummy text of the printing and typesetting industry. Lorem Ipsum has been the industrys standard dummy text ever since the 1500s, when an unknown printer took a galley of type and scrambled it to make a type specimen book. It has survived not only five centuries, but also the leap into electronic typesetting, remaining essentially unchanged. It was popularised in the 1960s with the release of Letraset sheets containing Lorem Ipsum passages, and more recently with desktop publishing software like Aldus PageMaker including versions of Lorem Ipsum.', 'favicon.png', 'https://www.youtube.com/embed/kj9KAmIqhEE,https://www.youtube.com/embed/vkBTEvxVImQ', 'https://www.talentazo.com/catering/anniversary-brunchbox-323,https://www.talentazo.com/catering/apero-riche-box-149,https://www.talentazo.com/catering/brunch-box-153', '0', '2021-08-07 13:21:41', '2021-07-05 19:00:00'),
(98, 10, 20, 7, 'abc title updated', '3,4,5,6,7,8,9,10,11', 5, '1,2,3,4,5', 'Lorem Ipsum is simply dummy text of the printing and typesetting industry. Lorem Ipsum has been the industrys standard dummy text ever since the 1500s, when an unknown printer took a galley of type and scrambled it to make a type specimen book. It has survived not only five centuries, but also the leap into electronic typesetting, remaining essentially unchanged. It was popularised in the 1960s with the release of Letraset sheets containing Lorem Ipsum passages, and more recently with desktop publishing software like Aldus PageMaker including versions of Lorem Ipsum.', 'custom.jpg', 'Lorem Ipsum is simply dummy text of the printing and typesetting industry. Lorem Ipsum has been the industrys standard dummy text ever since the 1500s, when an unknown printer took a galley of type and scrambled it to make a type specimen book. It has survived not only five centuries, but also the leap into electronic typesetting, remaining essentially unchanged. It was popularised in the 1960s with the release of Letraset sheets containing Lorem Ipsum passages, and more recently with desktop publishing software like Aldus PageMaker including versions of Lorem Ipsum.', 'screencapture-cyrusverhuur-nl-checkout-order-received-707-2021-06-11-14_55_34.png', 'https://www.youtube.com/embed/kj9KAmIqhEE,https://www.youtube.com/embed/vkBTEvxVImQ', 'https://www.talentazo.com/catering/anniversary-brunchbox-323,https://www.talentazo.com/catering/apero-riche-box-149,https://www.talentazo.com/catering/brunch-box-153', '1', '2021-08-07 13:43:17', '2021-07-06 19:00:00'),
(99, 12, 46, 7, 'khalil new post title 2', '3,4,5,6,7,8', 4, '98', 'Lorem Ipsum is simply dummy text of the printing and typesetting industry. Lorem Ipsum has been the industrys standard dummy text ever since the 1500s, when an unknown printer took a galley of type and scrambled it to make a type specimen book. It has survived not only five centuries, but also the leap into electronic typesetting, remaining essentially unchanged. It was popularised in the 1960s with the release of Letraset sheets containing Lorem Ipsum passages, and more recently with desktop publishing software like Aldus PageMaker including versions of Lorem Ipsum.', 'screencapture-shefafarms-2021-06-11-20_52_28.png', 'Lorem Ipsum is simply dummy text of the printing and typesetting industry. Lorem Ipsum has been the industrys standard dummy text ever since the 1500s, when an unknown printer took a galley of type and scrambled it to make a type specimen book. It has survived not only five centuries, but also the leap into electronic typesetting, remaining essentially unchanged. It was popularised in the 1960s with the release of Letraset sheets containing Lorem Ipsum passages, and more recently with desktop publishing software like Aldus PageMaker including versions of Lorem Ipsum.', 'Syeda Afroz Logo.png', 'https://www.youtube.com/embed/kj9KAmIqhEE,https://www.youtube.com/embed/vkBTEvxVImQ', 'https://www.talentazo.com/catering/anniversary-brunchbox-323,https://www.talentazo.com/catering/apero-riche-box-149,https://www.talentazo.com/catering/brunch-box-153', '4', '2021-08-12 09:29:52', '2021-07-05 19:00:00'),
(108, 10, 3, 9, 'mother day new post ', '3,4', 7, '1,2,6', 'Lorem Ipsum is simply dummy text of the printing and typesetting industry. Lorem Ipsum has been the industrys standard dummy text ever since the 1500s, when an unknown printer took a galley of type and scrambled it to make a type specimen book. It has survived not only five centuries, but also the leap into electronic typesetting, remaining essentially unchanged. It was popularised in the 1960s with the release of Letraset sheets containing Lorem Ipsum passages, and more recently with desktop publishing software like Aldus PageMaker including versions of Lorem Ipsum.', 'custom.jpg', 'Lorem Ipsum is simply dummy text of the printing and typesetting industry. Lorem Ipsum has been the industrys standard dummy text ever since the 1500s, when an unknown printer took a galley of type and scrambled it to make a type specimen book. It has survived not only five centuries, but also the leap into electronic typesetting, remaining essentially unchanged. It was popularised in the 1960s with the release of Letraset sheets containing Lorem Ipsum passages, and more recently with desktop publishing software like Aldus PageMaker including versions of Lorem Ipsum.', 'loading.gif', 'https://www.youtube.com/embed/kj9KAmIqhEE,https://www.youtube.com/embed/vkBTEvxVImQ', 'https://www.talentazo.com/catering/anniversary-brunchbox-323,https://www.talentazo.com/catering/apero-riche-box-149,https://www.talentazo.com/catering/brunch-box-153', '0', '2021-08-02 14:32:02', '2021-07-07 12:23:30'),
(109, 10, 3, 9, 'mother day new post ', '3,4', 7, '1,2,6', 'Lorem Ipsum is simply dummy text of the printing and typesetting industry. Lorem Ipsum has been the industrys standard dummy text ever since the 1500s, when an unknown printer took a galley of type and scrambled it to make a type specimen book. It has survived not only five centuries, but also the leap into electronic typesetting, remaining essentially unchanged. It was popularised in the 1960s with the release of Letraset sheets containing Lorem Ipsum passages, and more recently with desktop publishing software like Aldus PageMaker including versions of Lorem Ipsum.', 'custom.jpg', 'Lorem Ipsum is simply dummy text of the printing and typesetting industry. Lorem Ipsum has been the industrys standard dummy text ever since the 1500s, when an unknown printer took a galley of type and scrambled it to make a type specimen book. It has survived not only five centuries, but also the leap into electronic typesetting, remaining essentially unchanged. It was popularised in the 1960s with the release of Letraset sheets containing Lorem Ipsum passages, and more recently with desktop publishing software like Aldus PageMaker including versions of Lorem Ipsum.', 'loading.gif', 'https://www.youtube.com/embed/kj9KAmIqhEE,https://www.youtube.com/embed/vkBTEvxVImQ', 'https://www.talentazo.com/catering/anniversary-brunchbox-323,https://www.talentazo.com/catering/apero-riche-box-149,https://www.talentazo.com/catering/brunch-box-153', '4', '2021-07-14 14:16:33', NULL),
(111, 10, 3, 9, 'mother day new post ', '3,4', 7, '1,2,6', 'Lorem Ipsum is simply dummy text of the printing and typesetting industry. Lorem Ipsum has been the industrys standard dummy text ever since the 1500s, when an unknown printer took a galley of type and scrambled it to make a type specimen book. It has survived not only five centuries, but also the leap into electronic typesetting, remaining essentially unchanged. It was popularised in the 1960s with the release of Letraset sheets containing Lorem Ipsum passages, and more recently with desktop publishing software like Aldus PageMaker including versions of Lorem Ipsum.', 'custom.jpg', 'Lorem Ipsum is simply dummy text of the printing and typesetting industry. Lorem Ipsum has been the industrys standard dummy text ever since the 1500s, when an unknown printer took a galley of type and scrambled it to make a type specimen book. It has survived not only five centuries, but also the leap into electronic typesetting, remaining essentially unchanged. It was popularised in the 1960s with the release of Letraset sheets containing Lorem Ipsum passages, and more recently with desktop publishing software like Aldus PageMaker including versions of Lorem Ipsum.', 'loading.gif', 'https://www.youtube.com/embed/kj9KAmIqhEE,https://www.youtube.com/embed/vkBTEvxVImQ', 'https://www.talentazo.com/catering/anniversary-brunchbox-323,https://www.talentazo.com/catering/apero-riche-box-149,https://www.talentazo.com/catering/brunch-box-153', '4', '2021-07-14 14:16:37', NULL),
(116, 10, 20, 19, 'Sharing is caring', '', 0, '', 'Example', 'fred-moon-0yqa0rMCsYk-unsplash.jpg', '', 'toa-heftiba-x9I-6yoXrXE-unsplash.jpg', '', '', '2', '2021-07-31 09:41:03', NULL),
(117, 12, 49, 19, 'Hi HI ', '7,9', 6, '101,103,106', 'Example', 'toa-heftiba-x9I-6yoXrXE-unsplash.jpg', 'Example', 'fred-moon-0yqa0rMCsYk-unsplash.jpg', '', '', '4', '2021-07-31 09:34:44', NULL),
(119, 12, 47, 19, 'gggg', '', 0, '', 'gsgsdgs', '', '', '', '', '', '0', '2021-07-31 09:50:34', NULL),
(120, 10, 6, 16, 'user new post kamil', '6,9', 4, '1,2', 'sdfsdfafsfsd', 'WhatsApp Image 2021-07-29 at 6.47.07 PM.jpeg', 'sdfsdfsdfsdf', 'WhatsApp Image 2021-07-29 at 6.47.44 PM.jpeg', 'https://www.youtube.com/embed/RRIQCCpOrOM,https://www.youtube.com/embed/RRIQCCpOrOM', 'https://www.youtube.com/embed/RRIQCCpOrOM,https://www.youtube.com/embed/RRIQCCpOrOM', '1', '2021-08-02 14:48:27', '2021-08-02 14:48:27'),
(121, 11, 37, 19, 'mmmm', '9', 6, '52,54', 'mmmm', 'fred-moon-0yqa0rMCsYk-unsplash.jpg', '', '', '', '', '0', '2021-08-03 12:00:41', NULL),
(122, 11, 35, 19, 'jkshdfjksfhjsd', '9', 5, '55,58,62', 'jkhjkh', 'fred-moon-0yqa0rMCsYk-unsplash.jpg', 'jjkhjkh', '', '', '', '2', '2021-08-08 16:35:57', NULL),
(123, 11, 35, 20, 'gfghjh', '4,7,10', 7, '50,55,62,68', 'sdfsdfsdf', 'WhatsApp Image 2021-07-29 at 6.47.44 PM.jpeg', 'sdfsdfsdf', 'WhatsApp Image 2021-07-29 at 6.48.28 PM.jpeg', 'sdfsdf,sdfsdf', 'sdfsdf,sdfsdf,sdfsdfsdf', '1', '2021-08-04 11:20:28', NULL),
(124, 13, 56, 20, 'xcvxcvxcv', '6,9,12', 8, '162,164,167', 'xcvxcvxcv', 'WhatsApp Image 2021-07-29 at 6.47.07 PM.jpeg', '', '', '', '', '0', '2021-08-04 11:28:03', NULL),
(125, 11, 5, 19, 'hhhh', '9,15', 4, '53,55', 'jhjkhjk', 'IMG_4449.jpg', 'hjkhjk', 'fred-moon-0yqa0rMCsYk-unsplash.jpg', '', '', '4', '2021-08-07 10:41:32', NULL),
(126, 11, 5, 19, 'hhhh', '9,15', 4, '53,55', 'jhjkhjk', 'IMG_4449.jpg', 'hjkhjk', 'fred-moon-0yqa0rMCsYk-unsplash.jpg', '', '', '0', '2021-08-07 10:43:20', NULL),
(127, 10, 16, 4, 'sdfsdfsdf', '6,9,12', 4, '4,5,8,10,13', 'sdfsdfsdf', 'WhatsApp Image 2021-07-29 at 6.47.44 PM.jpeg', '', '', 'https://www.youtube.com/embed/RRIQCCpOrOM', 'https://www.youtube.com/embed/RRIQCCpOrOM', '1', '2021-08-07 14:10:12', NULL),
(128, 10, 51, 4, 'sdfsdfsdf', '6,9,12,15', 4, '99,101,105,106,107', 'sdfsdfsdf', 'WhatsApp Image 2021-07-29 at 6.48.28 PM.jpeg', '', '', 'https://www.youtube.com/embed/RRIQCCpOrOM', 'https://www.youtube.com/embed/RRIQCCpOrOM,https://www.youtube.com/embed/RRIQCCpOrOM,sdfsdfsdf', '1', '2021-08-07 14:14:52', NULL),
(130, 10, 36, 4, 'sdfsdf', '3,6,9', 4, '50,51,54', 'sdfsdf', 'WhatsApp Image 2021-07-29 at 6.48.53 PM.jpeg', '', '', 'sdf,sdfsdf', 'sdfsdf,sdfsdf,sdfsdf', '2', '2021-08-08 17:12:01', NULL),
(131, 13, 56, 19, 'Example', '3,6,9,11,12,14', 4, '160,164', 'Jdjdhd', '65623E2D-4943-4529-A612-2C754E1BC94D.jpeg', '', '', '', '', '0', '2021-08-09 12:08:01', NULL),
(132, 11, 4, 19, 'Hhhh', '5,8,11', 4, '51,54', 'Jjjj', '48FBEE47-F7EC-4026-935D-D8BF6F5E72B4.jpeg', '', '', '', '', '2', '2021-08-10 09:08:30', NULL),
(135, 10, 6, 19, 'Example', '9,13', 4, '26,30', 'Jahsha', '7EA8E0EC-FCD2-42AE-A376-D060E3CB540C.jpeg', '', '', '', '', '0', '2021-08-10 09:08:23', NULL),
(136, 13, 54, 14, 'ffSfSas', '3,9', 8, '157,158,160', 'asfasfa', 'WhatsApp Image 2021-07-29 at 6.48.53 PM.jpeg', 'sdgadgadf', '', 'https://www.youtube.com/embed/RRIQCCpOrOM,https://www.youtube.com/embed/RRIQCCpOrOM', 'wrasf,asfasfa,asfasfasf', '0', '2021-08-10 11:40:33', NULL),
(140, 10, 36, 4, 'party times 1234', '9,12', 6, '50,51,52,53', 'sdfsdfsdf', 'banner-1.jpg', '', '', 'https://www.youtube.com/embed/50VNCymT-Cs,https://www.youtube.com/embed/50VNCymT-Cs', 'https://www.youtube.com/embed/50VNCymT-Cs', '4', '2021-08-12 10:51:57', NULL),
(174, 11, 5, 7, 'kamil', '3,6', 6, '46,47,48', 'sdfsdfsdf', 'about-home.png', '', '', '', '', '1', '2021-08-12 09:11:01', '2021-08-12 09:11:01'),
(176, 10, 1, 7, 'asd', '3,6', 6, '1,2,5', 'asdasd', 'banner-1.jpg', '', '', 'https://www.youtube.com/embed/50VNCymT-Cs', '', '1', '2021-08-12 09:29:20', NULL),
(181, 10, 16, 4, 'sdfsdf', '6,7', 4, '', 'dfsdf', 'favicon.png', '', '', '', '', '1', '2021-08-12 10:50:07', '2021-08-12 10:50:07'),
(182, 10, 6, 7, '', '', 4, '', '', '', '', '', '', '', '4', '2021-08-12 12:31:04', NULL),
(183, 10, 1, 7, 'asd', '3,6,17', 4, '', 'dfgdfgfdg', 'banner-1.jpg', 'dfg', '', '', '', '1', '2021-08-12 12:56:55', '2021-08-12 12:56:55'),
(184, 11, 36, 7, 'email test', '3,6,9,11', 6, '46,47', 'sdfsdf', 'blog-6.jpg', '', '', '', '', '1', '2021-08-12 13:02:48', NULL),
(185, 13, 57, 4, 'title updated', '3,6', 4, '157', 'sdfsdf', 'about-home.png', '', '', '', '', '1', '2021-08-12 13:04:02', '2021-08-12 13:04:02');

-- --------------------------------------------------------

--
-- Table structure for table `tbl_post_comment`
--

CREATE TABLE `tbl_post_comment` (
  `pc_id` int(11) NOT NULL,
  `pc_user_id` int(11) NOT NULL,
  `pc_post_id` int(11) NOT NULL,
  `pc_rating` int(11) NOT NULL,
  `pc_comment` varchar(255) NOT NULL,
  `pc_created_on` timestamp NOT NULL DEFAULT current_timestamp() ON UPDATE current_timestamp()
) ENGINE=InnoDB DEFAULT CHARSET=utf8mb4;

--
-- Dumping data for table `tbl_post_comment`
--

INSERT INTO `tbl_post_comment` (`pc_id`, `pc_user_id`, `pc_post_id`, `pc_rating`, `pc_comment`, `pc_created_on`) VALUES
(24, 5, 71, 2, 'nice product', '2021-06-30 08:22:42'),
(26, 9, 86, 4, 'nice post', '2021-07-10 11:09:47'),
(27, 9, 86, 5, 'amazing', '2021-07-10 11:11:59'),
(28, 9, 86, 4, 'dfsdf', '2021-07-10 11:14:02'),
(29, 9, 86, 3, 'dggg', '2021-07-10 11:16:08'),
(30, 9, 86, 3, 'testing', '2021-07-10 11:17:18'),
(31, 9, 86, 3, 'testing 2', '2021-07-10 11:18:11'),
(32, 9, 86, 3, 'werer', '2021-07-10 11:19:00'),
(33, 9, 86, 2, 'safasf', '2021-07-10 11:19:55'),
(34, 9, 86, 2, 'fgfdg', '2021-07-10 11:20:51'),
(35, 9, 86, 3, 'dfgg', '2021-07-10 11:21:19'),
(36, 9, 83, 2, 'nice post', '2021-07-10 11:23:18'),
(37, 9, 83, 3, 'ddd', '2021-07-10 11:24:04'),
(38, 9, 83, 3, 'ss', '2021-07-10 11:24:30'),
(39, 9, 83, 3, 'fdsfs', '2021-07-10 11:25:02'),
(40, 9, 83, 3, 'sadas', '2021-07-10 11:25:13');

-- --------------------------------------------------------

--
-- Table structure for table `tbl_post_rating_info`
--

CREATE TABLE `tbl_post_rating_info` (
  `rating_id` int(11) NOT NULL,
  `rat_user_id` int(11) NOT NULL,
  `rat_post_id` int(11) NOT NULL,
  `rat_created_on` timestamp NOT NULL DEFAULT current_timestamp() ON UPDATE current_timestamp()
) ENGINE=InnoDB DEFAULT CHARSET=utf8mb4;

--
-- Dumping data for table `tbl_post_rating_info`
--

INSERT INTO `tbl_post_rating_info` (`rating_id`, `rat_user_id`, `rat_post_id`, `rat_created_on`) VALUES
(256, 5, 81, '2021-06-26 15:27:14'),
(265, 5, 71, '2021-06-30 08:22:32'),
(269, 9, 83, '2021-07-10 11:28:27'),
(270, 9, 91, '2021-07-10 11:29:19'),
(278, 1, 71, '2021-07-14 10:45:48'),
(297, 9, 86, '2021-07-14 12:54:37'),
(298, 9, 71, '2021-07-14 12:54:39');

-- --------------------------------------------------------

--
-- Table structure for table `tbl_post_tags`
--

CREATE TABLE `tbl_post_tags` (
  `post_tag_id` int(11) NOT NULL,
  `post_tag_name` varchar(255) NOT NULL,
  `post_tag_status` varchar(255) NOT NULL,
  `cat_id` int(11) NOT NULL,
  `post_tag_added_on` timestamp NOT NULL DEFAULT current_timestamp() ON UPDATE current_timestamp()
) ENGINE=InnoDB DEFAULT CHARSET=utf8mb4;

--
-- Dumping data for table `tbl_post_tags`
--

INSERT INTO `tbl_post_tags` (`post_tag_id`, `post_tag_name`, `post_tag_status`, `cat_id`, `post_tag_added_on`) VALUES
(0, '', '1', 0, '2021-08-12 08:44:32'),
(1, 'Eating Disorders', '1', 10, '2021-06-12 13:31:28'),
(2, 'Emotional Eating', '1', 10, '2021-06-12 13:31:37'),
(3, 'Mindful Eating', '1', 10, '2021-06-12 13:31:47'),
(4, 'Mental Health ', '1', 10, '2021-06-12 13:31:57'),
(5, 'Intuitive Eating', '1', 10, '2021-06-12 13:32:07'),
(6, 'Healthy Eating', '1', 10, '2021-06-12 13:32:15'),
(7, 'Keto Lifestyle\'s', '1', 10, '2021-06-21 13:49:25'),
(8, 'Techniques', '1', 10, '2021-06-12 13:32:33'),
(9, 'Recipes', '1', 10, '2021-06-12 13:32:43'),
(10, 'Meal Planning', '1', 10, '2021-06-21 13:08:51'),
(11, 'Diet', '1', 10, '2021-06-12 13:33:03'),
(12, 'Keto ', '1', 10, '2021-06-12 13:33:13'),
(13, 'Gluten Free', '1', 10, '2021-06-12 13:33:29'),
(14, 'Veggie ', '1', 10, '2021-06-12 13:33:36'),
(15, 'Vegan ', '1', 10, '2021-06-12 13:33:43'),
(23, 'Organic', '', 10, '2021-06-24 09:59:13'),
(24, 'Mumpreneur', '1', 10, '2021-06-24 09:59:13'),
(25, 'Self-employed', '1', 10, '2021-06-24 09:59:13'),
(26, 'Work-life Balance', '1', 10, '2021-06-24 09:59:13'),
(27, 'Food Waste', '1', 10, '2021-06-24 09:59:13'),
(28, 'Kids', '1', 10, '2021-06-24 09:59:13'),
(29, 'Toddlers', '1', 10, '2021-06-24 09:59:13'),
(30, 'Babies', '1', 10, '2021-06-24 15:58:13'),
(31, 'Adults', '1', 10, '2021-06-24 15:58:13'),
(32, 'Teenagers', '1', 10, '2021-06-24 15:58:13'),
(33, 'All-ages', '1', 10, '2021-06-24 15:58:13'),
(34, 'Couples', '1', 10, '2021-06-24 15:58:13'),
(35, 'Friends', '1', 10, '2021-06-24 15:58:13'),
(36, 'Family', '1', 10, '2021-06-24 15:58:13'),
(37, 'Creativity', '1', 10, '2021-06-24 15:58:13'),
(38, 'Social Impact', '1', 10, '2021-06-24 15:58:13'),
(39, 'Tutorial', '1', 10, '2021-06-24 15:58:13'),
(40, 'Class', '1', 10, '2021-06-24 15:58:13'),
(41, 'Workshop', '1', 10, '2021-06-24 15:58:13'),
(42, 'Talk', '1', 10, '2021-06-24 15:58:13'),
(43, '1-1 Session', '1', 10, '2021-06-24 15:58:13'),
(44, 'Women Rock Switzerland Member', '1', 10, '2021-06-24 15:58:13'),
(45, 'Mujeres Handmade Member', '1', 10, '2021-06-24 15:58:13'),
(46, 'Flowers ', '1', 11, '2021-06-25 08:02:02'),
(47, 'Arrangements', '1', 11, '2021-06-25 08:02:02'),
(48, 'Balloons', '1', 11, '2021-06-25 08:02:02'),
(49, 'Anniversary', '1', 11, '2021-06-25 08:02:02'),
(50, 'Cards', '1', 11, '2021-06-25 08:02:02'),
(51, 'Invitation Cards', '1', 11, '2021-06-25 08:02:02'),
(52, 'Signs', '1', 11, '2021-06-25 08:02:02'),
(53, 'Paper', '1', 11, '2021-06-25 08:02:02'),
(54, 'Carton', '1', 11, '2021-06-25 08:02:02'),
(55, 'Props', '1', 11, '2021-06-25 08:02:02'),
(56, 'Wood', '1', 11, '2021-06-25 08:02:02'),
(57, 'Wool', '1', 11, '2021-06-25 08:02:02'),
(58, 'Glass', '1', 11, '2021-06-25 08:02:02'),
(59, 'Banners', '1', 11, '2021-06-25 08:02:02'),
(60, 'Table Names', '1', 11, '2021-06-25 08:02:02'),
(61, 'Colors', '1', 11, '2021-06-25 08:02:02'),
(62, 'Centerpieces', '1', 11, '2021-06-25 08:02:02'),
(63, 'Tables', '1', 11, '2021-06-25 08:02:02'),
(64, 'Chairs', '1', 11, '2021-06-25 08:02:02'),
(65, 'Wall Decoration', '1', 11, '2021-06-25 08:02:02'),
(66, 'Ceiling', '1', 11, '2021-06-25 08:02:02'),
(67, 'Aisle Decoration', '1', 11, '2021-06-25 08:02:02'),
(68, 'Hall Decoration', '1', 11, '2021-06-25 08:02:02'),
(69, 'Party Signs', '1', 11, '2021-06-25 08:02:02'),
(70, 'Mugs', '1', 11, '2021-06-25 08:02:02'),
(71, 'Costumes', '1', 11, '2021-06-25 08:02:02'),
(72, 'Creativity', '1', 11, '2021-06-25 08:02:02'),
(73, 'Idea Creation', '1', 11, '2021-06-25 08:02:02'),
(74, 'Sustainable', '1', 11, '2021-06-25 08:02:02'),
(75, 'Eco-Friendly', '1', 11, '2021-06-25 08:02:02'),
(76, 'Recycled', '1', 11, '2021-06-25 08:02:02'),
(77, 'Social Impact', '1', 11, '2021-06-25 08:02:02'),
(78, 'Organic', '1', 11, '2021-06-25 08:02:02'),
(79, 'Mumpreneur', '1', 11, '2021-06-25 08:02:02'),
(80, 'Self-employed', '1', 11, '2021-06-25 08:02:02'),
(81, 'Work-life Balance', '1', 11, '2021-06-25 08:02:02'),
(82, 'Kids', '1', 11, '2021-06-25 08:02:02'),
(83, 'Toddlers', '1', 11, '2021-06-25 08:02:02'),
(84, 'Babies', '1', 11, '2021-06-25 08:02:02'),
(85, 'Adults', '1', 11, '2021-06-25 08:02:02'),
(86, 'Teenagers', '1', 11, '2021-06-25 08:02:02'),
(87, 'All-ages', '1', 11, '2021-06-25 08:02:02'),
(88, 'Couples', '1', 11, '2021-06-25 08:02:02'),
(89, 'Friends', '1', 11, '2021-06-25 08:02:02'),
(90, 'Family', '1', 11, '2021-06-25 08:02:02'),
(91, 'Tutorial', '1', 11, '2021-06-25 08:02:02'),
(92, 'Class', '1', 11, '2021-06-25 08:02:02'),
(93, 'Workshop', '1', 11, '2021-06-25 08:02:02'),
(94, 'Talk', '1', 11, '2021-06-25 08:02:02'),
(95, '1-1 Session', '1', 11, '2021-06-25 08:02:02'),
(96, 'Women Rock Switzerland Member', '1', 11, '2021-06-25 08:02:02'),
(97, 'Mujeres Handmade Member', '1', 11, '2021-06-25 08:02:02'),
(98, 'Buffet', '1', 12, '2021-06-25 08:16:22'),
(99, 'Bread', '1', 12, '2021-06-25 08:16:22'),
(100, 'Cookies', '1', 12, '2021-06-25 08:16:22'),
(101, 'Cupcakes', '1', 12, '2021-06-25 08:16:22'),
(102, 'Cakes', '1', 12, '2021-06-25 08:16:22'),
(103, 'Brownies', '1', 12, '2021-06-25 08:16:22'),
(104, 'Jam', '1', 12, '2021-06-25 08:16:22'),
(105, 'Pie', '1', 12, '2021-06-25 08:16:22'),
(106, 'Cake Pops', '1', 12, '2021-06-25 08:16:22'),
(107, 'Chocolate', '1', 12, '2021-06-25 08:16:22'),
(108, 'Alfajores', '1', 12, '2021-06-25 08:16:22'),
(109, 'Arroz con Leche', '1', 12, '2021-06-25 08:16:22'),
(110, 'Bu&#241;uelo', '1', 12, '2021-07-26 11:39:05'),
(111, 'Croissants', '1', 12, '2021-06-25 08:16:22'),
(112, 'Custard', '1', 12, '2021-06-25 08:16:22'),
(113, 'Doughnuts', '1', 12, '2021-06-25 08:16:22'),
(114, 'Flan', '1', 12, '2021-06-25 08:16:22'),
(115, 'Ice Cream', '1', 12, '2021-06-25 08:16:22'),
(116, 'Macarons', '1', 12, '2021-06-25 08:16:22'),
(117, 'Mousse', '1', 12, '2021-06-25 08:16:22'),
(118, 'Natillas', '1', 12, '2021-06-25 08:16:22'),
(119, 'Panna Cotta', '1', 12, '2021-06-25 08:16:22'),
(120, 'Pastries', '1', 12, '2021-06-25 08:16:22'),
(121, 'Pudding', '1', 12, '2021-06-25 08:16:22'),
(122, 'Tiramisu', '1', 12, '2021-06-25 08:16:22'),
(123, 'Tres Leches', '1', 12, '2021-06-25 08:16:22'),
(124, 'Truffle', '1', 12, '2021-06-25 08:16:22'),
(125, 'Diet', '1', 12, '2021-06-25 08:16:22'),
(126, 'Keto', '1', 12, '2021-06-25 08:16:22'),
(127, 'Gluten Free', '1', 12, '2021-06-25 08:16:22'),
(128, 'Veggie', '1', 12, '2021-06-25 08:16:22'),
(129, 'Vegan', '1', 12, '2021-06-25 08:16:22'),
(130, 'Organic', '1', 12, '2021-06-25 08:16:22'),
(131, 'Kids', '1', 12, '2021-06-25 08:16:22'),
(132, 'Toddlers', '1', 12, '2021-06-25 08:16:22'),
(133, 'Babies', '1', 12, '2021-06-25 08:16:22'),
(134, 'Adults', '1', 12, '2021-06-25 08:16:22'),
(135, 'Teenagers', '1', 12, '2021-06-25 08:16:22'),
(136, 'All-ages', '1', 12, '2021-06-25 08:16:22'),
(137, 'Couples', '1', 12, '2021-06-25 08:16:22'),
(138, 'Friends', '1', 12, '2021-06-25 08:16:22'),
(139, 'Family', '1', 12, '2021-06-25 08:16:22'),
(140, 'Self-employed', '1', 12, '2021-06-25 08:16:22'),
(141, 'Work-life Balance', '1', 12, '2021-06-25 08:16:22'),
(142, 'Tutorial', '1', 12, '2021-06-25 08:16:22'),
(143, 'Class', '1', 12, '2021-06-25 08:16:22'),
(144, 'Workshop', '1', 12, '2021-06-25 08:16:22'),
(145, 'Talk', '1', 12, '2021-06-25 08:16:22'),
(146, '1-1 Session', '1', 12, '2021-06-25 08:16:22'),
(147, 'Creativity', '1', 12, '2021-06-25 08:16:22'),
(148, 'Idea Creation', '1', 12, '2021-06-25 08:16:22'),
(149, 'Food Waste', '1', 12, '2021-06-25 08:16:22'),
(150, 'Social Impact', '1', 12, '2021-06-25 08:16:22'),
(151, 'Women Rock Switzerland Member', '1', 12, '2021-06-25 08:16:22'),
(152, 'Mujeres Handmade Member', '1', 12, '2021-06-25 08:16:22'),
(153, 'Buffet', '1', 13, '2021-06-25 08:28:14'),
(154, 'Bread', '1', 13, '2021-06-25 08:28:14'),
(155, 'Finger Food', '1', 13, '2021-06-25 08:28:14'),
(156, 'Snacks', '1', 13, '2021-06-25 08:28:14'),
(157, 'Cocktails', '1', 13, '2021-06-25 08:28:14'),
(158, 'Drinks', '1', 13, '2021-06-25 08:28:14'),
(159, 'Beer', '1', 13, '2021-06-25 08:28:14'),
(160, 'Wine', '1', 13, '2021-06-25 08:28:14'),
(161, 'Tea', '1', 13, '2021-06-25 08:28:14'),
(162, 'Coffee', '1', 13, '2021-06-25 08:28:14'),
(163, 'Champagne', '1', 13, '2021-06-25 08:28:14'),
(164, 'Warm Dish', '1', 13, '2021-06-25 08:28:14'),
(165, 'Cold Dish', '1', 13, '2021-06-25 08:28:14'),
(166, 'Juices', '1', 13, '2021-06-25 08:28:14'),
(167, 'Fruits', '1', 13, '2021-06-25 08:28:14'),
(168, 'Vegetables', '1', 13, '2021-06-25 08:28:14'),
(169, 'Seafood', '1', 13, '2021-06-25 08:28:14'),
(170, 'Meat', '1', 13, '2021-06-25 08:28:14'),
(171, 'Pork-Free', '1', 13, '2021-06-25 08:28:14'),
(172, 'Spicy', '1', 13, '2021-06-25 08:28:14'),
(173, 'Cheese', '1', 13, '2021-06-25 08:28:14'),
(174, 'Diet', '1', 13, '2021-06-25 08:28:14'),
(175, 'Keto', '1', 13, '2021-06-25 08:28:14'),
(176, 'Gluten Free', '1', 13, '2021-06-25 08:28:14'),
(177, 'Veggie', '1', 13, '2021-06-25 08:28:14'),
(178, 'Vegan', '1', 13, '2021-06-25 08:28:14'),
(179, 'Organic', '1', 13, '2021-06-25 08:28:14'),
(180, 'Kids', '1', 13, '2021-06-25 08:28:14'),
(181, 'Toddlers', '1', 13, '2021-06-25 08:28:14'),
(182, 'Babies', '1', 13, '2021-06-25 08:28:14'),
(183, 'Adults', '1', 13, '2021-06-25 08:28:14'),
(184, 'Teenagers', '1', 13, '2021-06-25 08:28:14'),
(185, 'All-ages', '1', 13, '2021-06-25 08:28:14'),
(186, 'Couples', '1', 13, '2021-06-25 08:28:14'),
(187, 'Friends', '1', 13, '2021-06-25 08:28:14'),
(188, 'Family', '1', 13, '2021-06-25 08:28:14'),
(189, 'Creativity', '1', 13, '2021-06-25 08:28:14'),
(190, 'Idea Creation', '1', 13, '2021-06-25 08:28:14'),
(191, 'Food Waste', '1', 13, '2021-06-25 08:28:14'),
(192, 'Social Impact', '1', 13, '2021-06-25 08:28:14'),
(193, 'Self-employed', '1', 13, '2021-06-25 08:28:14'),
(194, 'Work-life Balance', '1', 13, '2021-06-25 08:28:14'),
(195, 'Tutorial', '1', 13, '2021-06-25 08:28:14'),
(196, 'Class', '1', 13, '2021-06-25 08:28:14'),
(197, 'Workshop', '1', 13, '2021-06-25 08:28:14'),
(198, 'Talk', '1', 13, '2021-06-25 08:28:14'),
(199, '1-1 Session', '1', 13, '2021-06-25 08:28:14'),
(200, 'Kids', '1', 14, '2021-06-25 08:37:11'),
(201, 'Toddlers', '1', 14, '2021-06-25 08:37:11'),
(202, 'Babies', '1', 14, '2021-06-25 08:37:11'),
(203, 'Adults', '1', 14, '2021-06-25 08:37:11'),
(204, 'Teenagers', '1', 14, '2021-06-25 08:37:11'),
(205, 'All-ages', '1', 14, '2021-06-25 08:37:11'),
(206, 'Couples', '1', 14, '2021-06-25 08:37:11'),
(207, 'Friends', '1', 14, '2021-06-25 08:37:11'),
(208, 'Family', '1', 14, '2021-06-25 08:37:11'),
(209, 'Self-employed', '1', 14, '2021-06-25 08:37:11'),
(210, 'Work-life Balance', '1', 14, '2021-06-25 08:37:11'),
(211, 'Live Band', '1', 14, '2021-06-25 08:37:11'),
(212, 'Duo', '1', 14, '2021-06-25 08:37:11'),
(213, 'Singers', '1', 14, '2021-06-25 08:37:11'),
(214, 'DJ', '1', 14, '2021-06-25 08:37:11'),
(215, 'Venue', '1', 14, '2021-06-25 08:37:11'),
(216, 'Social Impact', '1', 14, '2021-06-25 08:37:11'),
(217, 'Creativity', '1', 14, '2021-06-25 08:37:11'),
(218, 'Tutorial', '1', 14, '2021-06-25 08:37:11'),
(219, 'Class', '1', 14, '2021-06-25 08:37:11'),
(220, 'Workshop', '1', 14, '2021-06-25 08:37:11'),
(221, 'Talk', '1', 14, '2021-06-25 08:37:11'),
(222, '1-1 Session', '1', 14, '2021-06-25 08:37:11'),
(223, 'Women Rock Switzerland Member', '1', 14, '2021-06-25 08:37:11'),
(224, 'Mujeres Handmade Member', '1', 14, '2021-06-25 08:37:11'),
(225, 'Kids', '1', 15, '2021-06-25 08:50:48'),
(226, 'Toddlers', '1', 15, '2021-06-25 08:50:48'),
(227, 'Babies', '1', 15, '2021-06-25 08:50:48'),
(228, 'Adults', '1', 15, '2021-06-25 08:50:48'),
(229, 'Teenagers', '1', 15, '2021-06-25 08:50:48'),
(230, 'All-ages', '1', 15, '2021-06-25 08:50:48'),
(231, 'Couples', '1', 15, '2021-06-25 08:50:48'),
(232, 'Friends', '1', 15, '2021-06-25 08:50:48'),
(233, 'Family', '1', 15, '2021-06-25 08:50:48'),
(234, 'Outdoor Activities', '1', 15, '2021-06-25 08:50:48'),
(235, 'Indoor Activities', '1', 15, '2021-06-25 08:50:48'),
(236, 'Face Painting', '1', 15, '2021-06-25 08:50:48'),
(237, 'Clown', '1', 15, '2021-06-25 08:50:48'),
(238, 'Games', '1', 15, '2021-06-25 08:50:48'),
(239, 'Activity', '1', 15, '2021-06-25 08:50:48'),
(240, 'Musical Instrument', '1', 15, '2021-06-25 08:50:48'),
(241, 'Drums', '1', 15, '2021-06-25 08:50:48'),
(242, 'Piano', '1', 15, '2021-06-25 08:50:48'),
(243, 'Keyboard', '1', 15, '2021-06-25 08:50:48'),
(244, 'Vocalist', '1', 15, '2021-06-25 08:50:48'),
(245, 'Guitar', '1', 15, '2021-06-25 08:50:48'),
(246, 'Trumpet', '1', 15, '2021-06-25 08:50:48'),
(247, 'Violin', '1', 15, '2021-06-25 08:50:48'),
(248, 'Comedy Show', '1', 15, '2021-06-25 08:50:48'),
(249, 'Performance', '1', 15, '2021-06-25 08:50:48'),
(250, 'Dance', '1', 15, '2021-06-25 08:50:48'),
(251, 'Classical Organ', '1', 15, '2021-06-25 08:50:48'),
(252, 'Choreography', '1', 15, '2021-06-25 08:50:48'),
(253, 'Tutorial', '1', 15, '2021-06-25 08:50:48'),
(254, 'Class', '1', 15, '2021-06-25 08:50:48'),
(255, 'Workshop', '1', 15, '2021-06-25 08:50:48'),
(256, 'Talk', '1', 15, '2021-06-25 08:50:48'),
(257, '1-1 Session', '1', 15, '2021-06-25 08:50:48'),
(258, 'Apparel', '1', 16, '2021-06-26 09:22:34'),
(259, 'Jewelry', '1', 16, '2021-06-26 09:22:34'),
(260, 'Clothing', '1', 16, '2021-06-26 09:22:34'),
(261, 'Textile', '1', 16, '2021-06-26 09:22:34'),
(262, 'Suits', '1', 16, '2021-06-26 09:22:34'),
(263, 'Dresses', '1', 16, '2021-06-26 09:22:34'),
(264, 'Shirts', '1', 16, '2021-06-26 09:22:34'),
(265, 'Shorts', '1', 16, '2021-06-26 09:22:34'),
(266, 'Jeans', '1', 16, '2021-06-26 09:22:34'),
(267, 'Pants', '1', 16, '2021-06-26 09:22:34'),
(268, 'Blouses', '1', 16, '2021-06-26 09:22:34'),
(269, 'Sweaters', '1', 16, '2021-06-26 09:22:34'),
(270, 'Pullovers', '1', 16, '2021-06-26 09:22:34'),
(271, 'Boots', '1', 16, '2021-06-26 09:22:34'),
(272, 'T-shirts', '1', 16, '2021-06-26 09:22:34'),
(273, 'Clothing Alterations', '1', 16, '2021-06-26 09:22:34'),
(274, 'Accessories', '1', 16, '2021-06-26 09:22:34'),
(275, 'Bags', '1', 16, '2021-06-26 09:22:34'),
(276, 'Ties', '1', 16, '2021-06-26 09:22:34'),
(277, 'Shoes', '1', 16, '2021-06-26 09:22:34'),
(278, 'Dresses', '1', 16, '2021-06-26 09:22:34'),
(279, 'Belts', '1', 16, '2021-06-26 09:22:34'),
(280, 'Beauty', '1', 16, '2021-06-26 09:22:34'),
(281, 'Cosmetics', '1', 16, '2021-06-26 09:22:34'),
(282, 'Wool', '1', 16, '2021-06-26 09:22:34'),
(283, 'Kids', '1', 16, '2021-06-26 09:22:34'),
(284, 'Toddlers', '1', 16, '2021-06-26 09:22:34'),
(285, 'Babies', '1', 16, '2021-06-26 09:22:34'),
(286, 'Adults', '1', 16, '2021-06-26 09:22:34'),
(287, 'Teenagers', '1', 16, '2021-06-26 09:22:34'),
(288, 'All-ages', '1', 16, '2021-06-26 09:22:34'),
(289, 'Couples', '1', 16, '2021-06-26 09:22:34'),
(290, 'Friends', '1', 16, '2021-06-26 09:22:34'),
(291, 'Family', '1', 16, '2021-06-26 09:22:34'),
(292, 'Self-employed', '1', 16, '2021-06-26 09:22:34'),
(293, 'Work-life Balance', '1', 16, '2021-06-26 09:22:34'),
(294, 'Tutorial', '1', 16, '2021-06-26 09:22:34'),
(295, 'Class', '1', 16, '2021-06-26 09:22:34'),
(296, 'Workshop', '1', 16, '2021-06-26 09:22:34'),
(297, 'Talk', '1', 16, '2021-06-26 09:22:34'),
(298, '1-1 Session', '1', 16, '2021-06-26 09:22:34'),
(299, 'Creativity', '1', 16, '2021-06-26 09:22:34'),
(300, 'Idea Creation', '1', 16, '2021-06-26 09:22:34'),
(301, 'Eco-Friendly', '1', 16, '2021-06-26 09:22:34'),
(302, 'Social Impact', '1', 16, '2021-06-26 09:22:34'),
(303, 'Women Rock Switzerland Member', '1', 16, '2021-06-26 09:22:34'),
(304, 'Mujeres Handmade Member', '1', 16, '2021-06-26 09:22:34'),
(305, 'Painting', '1', 17, '2021-06-26 09:30:40'),
(306, 'Drawing', '1', 17, '2021-06-26 09:30:40'),
(307, 'Sculptures', '1', 17, '2021-06-26 09:30:40'),
(308, 'Ceramis', '1', 17, '2021-06-26 09:30:40'),
(309, 'Kids', '1', 17, '2021-06-26 09:30:40'),
(310, 'Toddlers', '1', 17, '2021-06-26 09:30:40'),
(311, 'Babies', '1', 17, '2021-06-26 09:30:40'),
(312, 'Adults', '1', 17, '2021-06-26 09:30:40'),
(313, 'Teenagers', '1', 17, '2021-06-26 09:30:40'),
(314, 'All-ages', '1', 17, '2021-06-26 09:30:40'),
(315, 'Couples', '1', 17, '2021-06-26 09:30:40'),
(316, 'Friends', '1', 17, '2021-06-26 09:30:40'),
(317, 'Family', '1', 17, '2021-06-26 09:30:40'),
(318, 'Self-employed', '1', 17, '2021-06-26 09:30:40'),
(319, 'Work-life Balance', '1', 17, '2021-06-26 09:30:40'),
(320, 'Tutorial', '1', 17, '2021-06-26 09:30:40'),
(321, 'Class', '1', 17, '2021-06-26 09:30:40'),
(322, 'Workshop', '1', 17, '2021-06-26 09:30:40'),
(323, 'Talk', '1', 17, '2021-06-26 09:30:40'),
(324, 'Creativity', '1', 17, '2021-06-26 09:30:40'),
(325, 'Idea Creation', '1', 17, '2021-06-26 09:30:40'),
(326, 'Eco-Friendly', '1', 17, '2021-06-26 09:30:40'),
(327, 'Social Impact', '1', 17, '2021-06-26 09:30:40'),
(328, 'Women Rock Switzerland Member', '1', 17, '2021-06-26 09:30:40'),
(329, 'Mujeres Handmade Member', '1', 17, '2021-06-26 09:30:40'),
(330, 'Romantic', '1', 18, '2021-06-26 09:39:12'),
(331, 'Themed', '1', 18, '2021-06-26 09:39:12'),
(332, 'Artistic', '1', 18, '2021-06-26 09:39:12'),
(333, 'Educational', '1', 18, '2021-06-26 09:39:12'),
(334, 'Animated', '1', 18, '2021-06-26 09:39:12'),
(335, 'Storytelling', '1', 18, '2021-06-26 09:39:12'),
(336, 'Candid', '1', 18, '2021-06-26 09:39:12'),
(337, 'Posed', '1', 18, '2021-06-26 09:39:12'),
(338, 'Kids', '1', 18, '2021-06-26 09:39:12'),
(339, 'Toddlers', '1', 18, '2021-06-26 09:39:12'),
(340, 'Babies', '1', 18, '2021-06-26 09:39:12'),
(341, 'Adults', '1', 18, '2021-06-26 09:39:12'),
(342, 'Teenagers', '1', 18, '2021-06-26 09:39:12'),
(343, 'All-ages', '1', 18, '2021-06-26 09:39:12'),
(344, 'Couples', '1', 18, '2021-06-26 09:39:12'),
(345, 'Friends', '1', 18, '2021-06-26 09:39:12'),
(346, 'Family', '1', 18, '2021-06-26 09:39:12'),
(347, 'Business', '1', 18, '2021-06-26 09:39:12'),
(348, 'Lifestyle', '1', 18, '2021-06-26 09:39:12'),
(349, 'Mixed Styles', '1', 18, '2021-06-26 09:39:12'),
(350, 'Portrait', '1', 18, '2021-06-26 09:39:12'),
(351, 'Tutorial', '1', 18, '2021-06-26 09:39:12'),
(352, 'Class', '1', 18, '2021-06-26 09:39:12'),
(353, 'Workshop', '1', 18, '2021-06-26 09:39:12'),
(354, 'Talk', '1', 18, '2021-06-26 09:39:12'),
(355, 'Creativity', '1', 18, '2021-06-26 09:39:12'),
(356, 'Idea Creation', '1', 18, '2021-06-26 09:39:12'),
(357, 'Eco-Friendly', '1', 18, '2021-06-26 09:39:12'),
(358, 'Social Impact', '1', 18, '2021-06-26 09:39:12'),
(359, 'Women Rock Switzerland Member', '1', 18, '2021-06-26 09:39:12'),
(360, 'Mujeres Handmade Member', '1', 18, '2021-06-26 09:39:12');

-- --------------------------------------------------------

--
-- Table structure for table `tbl_topics`
--

CREATE TABLE `tbl_topics` (
  `topic_id` int(11) NOT NULL,
  `topic_img` varchar(100) NOT NULL,
  `topic_name` varchar(255) NOT NULL,
  `topic_status` varchar(255) NOT NULL,
  `cat_id` int(11) NOT NULL,
  `topic_added_on` timestamp NOT NULL DEFAULT current_timestamp() ON UPDATE current_timestamp()
) ENGINE=InnoDB DEFAULT CHARSET=utf8mb4;

--
-- Dumping data for table `tbl_topics`
--

INSERT INTO `tbl_topics` (`topic_id`, `topic_img`, `topic_name`, `topic_status`, `cat_id`, `topic_added_on`) VALUES
(0, '', '', '1', 0, '2021-08-12 08:51:39'),
(1, 'pamper_yourself.jpg', 'Pamper Yourself', '1', 10, '2021-06-18 08:04:59'),
(3, 'mother_day.jpg', 'Mother\'s Day', '0', 10, '2021-07-29 14:52:08'),
(4, 'Learning-by-doing.png', 'Learning By Doing', '1', 11, '2021-06-18 08:04:37'),
(5, 'morn-lunch.jpg', 'Mom what\'s for lunch', '1', 11, '2021-06-18 08:05:30'),
(6, 'join-us.png', 'Join Events', '1', 10, '2021-06-24 10:36:07'),
(16, 'eating-healthy.jpg', 'Healthy Eating', '1', 10, '2021-06-24 10:37:49'),
(17, 'trends.jpg', 'Current Trends', '1', 10, '2021-06-24 10:38:43'),
(18, 'behind-the-scenes.jpg', 'Behind the Scenes', '1', 10, '2021-06-24 10:39:40'),
(19, 'real-life.png', 'Real-life Stories', '1', 10, '2021-06-24 10:40:24'),
(20, 'sharing-knowledge.jpg', 'Sharing Knowledge', '1', 10, '2021-06-24 10:41:39'),
(21, '', 'Meals for Special Occasions', '1', 10, '2021-06-24 09:25:21'),
(22, '', 'Gift Ideas', '1', 10, '2021-06-24 09:25:21'),
(23, '', 'Tips and Recommendations', '1', 10, '2021-06-24 09:25:21'),
(24, '', 'Other', '1', 10, '2021-06-24 09:25:21'),
(35, 'join-us.png', 'Join Events', '1', 11, '2021-06-24 10:42:29'),
(36, 'pimp-your-home.jpg', 'Pimp your Home', '1', 11, '2021-06-24 10:43:12'),
(37, 'behind-the-scenes.jpg', 'Behind the Scenes', '1', 11, '2021-06-24 10:43:29'),
(38, 'real-life.png', 'Real-life Stories', '1', 11, '2021-06-24 10:43:38'),
(39, 'sharing-knowledge.jpg', 'Sharing Knowledge', '1', 11, '2021-06-24 10:43:49'),
(40, 'Gift-idea.png', 'Gift Ideas', '1', 11, '2021-06-24 10:44:32'),
(41, '', 'Products for Special Occasions', '1', 11, '2021-06-24 09:32:48'),
(42, '', 'Fun Time', '1', 11, '2021-06-24 09:32:48'),
(43, '', 'Tips and Recommendations', '1', 11, '2021-06-24 09:32:48'),
(44, '', 'Other', '1', 11, '2021-06-24 09:32:48'),
(45, 'join-us.png', 'Join Events', '1', 12, '2021-06-24 10:45:14'),
(46, 'pamper_yourself.jpg', 'Pamper Yourself', '1', 12, '2021-06-24 10:45:21'),
(47, 'behind-the-scenes.jpg', 'Behind the Scenes', '1', 12, '2021-06-24 10:45:30'),
(48, 'real-life.png', 'Real-life Stories', '1', 12, '2021-06-24 10:45:38'),
(49, 'sharing-knowledge.jpg', 'Sharing Knowledge', '1', 12, '2021-06-24 10:45:45'),
(50, 'gift-idea.png', 'Gift Ideas', '1', 12, '2021-06-24 10:45:54'),
(51, '', 'Treats for Special Occasions', '1', 12, '2021-06-24 09:36:14'),
(52, '', 'Tips and Recommendations', '1', 12, '2021-06-24 09:36:14'),
(53, '', 'Other', '1', 12, '2021-06-24 09:36:14'),
(54, 'join-us.png', 'Join Events', '1', 13, '2021-06-24 10:46:22'),
(55, 'Flavours-of-the-world.jpeg', 'Flavours of the World', '1', 13, '2021-06-24 10:48:25'),
(56, 'Drinks-of-the-World.jpg', 'Drinks of the World', '1', 13, '2021-06-24 10:48:58'),
(57, 'behind-the-scenes.jpg', 'Behind the Scenes', '1', 13, '2021-06-24 10:46:36'),
(58, 'real-life.png', 'Real-life Stories', '1', 13, '2021-06-24 10:46:45'),
(59, 'sharing-knowledge.jpg', 'Sharing Knowledge', '1', 13, '2021-06-24 10:46:54'),
(60, 'gift-idea.png', 'Gift Ideas', '1', 13, '2021-06-24 10:47:18'),
(61, '', 'Special Occasions', '1', 13, '2021-06-24 09:40:00'),
(62, '', 'Tips and Recommendations', '1', 13, '2021-06-24 09:40:00'),
(63, '', 'Other', '1', 13, '2021-06-24 09:40:00'),
(64, '', 'Join Events', '1', 14, '2021-06-24 09:42:46'),
(65, '', 'Let\'s Dance!', '1', 14, '2021-07-26 10:58:44'),
(66, '', 'Behind the Scenes', '1', 14, '2021-06-24 09:42:46'),
(67, '', 'Real-life Stories', '1', 14, '2021-06-24 09:42:46'),
(68, '', 'Sharing Knowledge', '1', 14, '2021-06-24 09:42:46'),
(69, '', 'Gift Ideas', '1', 14, '2021-06-24 09:42:46'),
(70, '', 'Music for Special Occasions', '1', 14, '2021-06-24 09:42:46'),
(71, '', 'Book a Session', '1', 14, '2021-06-24 09:42:46'),
(72, '', 'Tips and Recommendations', '1', 14, '2021-06-24 09:42:46'),
(73, '', 'Other', '1', 14, '2021-06-24 09:42:46'),
(74, '', 'Join Events', '1', 15, '2021-06-24 09:45:15'),
(75, '', 'Fun Time Ideas', '1', 15, '2021-06-24 09:45:15'),
(76, '', 'Behind the Scenes', '1', 15, '2021-06-24 09:45:15'),
(77, '', 'Real-life Stories', '1', 15, '2021-06-24 09:45:15'),
(78, '', 'Sharing Knowledge', '1', 15, '2021-06-24 09:45:15'),
(79, '', 'Gift Ideas', '1', 15, '2021-06-24 09:45:15'),
(80, '', 'Special Occasions', '1', 15, '2021-06-24 09:45:15'),
(81, '', 'Other', '1', 15, '2021-06-24 09:45:15'),
(82, '', 'Join Events', '1', 16, '2021-06-24 09:48:09'),
(83, '', 'Style Tips', '1', 16, '2021-06-24 09:48:09'),
(84, '', 'Behind the Scenes', '1', 16, '2021-06-24 09:48:09'),
(85, '', 'Real-life Stories', '1', 16, '2021-06-24 09:48:09'),
(86, '', 'Sharing Knowledge', '1', 16, '2021-06-24 09:48:09'),
(87, '', 'Book a Session', '1', 16, '2021-06-24 09:48:09'),
(88, '', 'Gift Ideas', '1', 16, '2021-06-24 09:48:09'),
(89, '', 'Special Occasions', '1', 16, '2021-06-24 09:48:09'),
(90, '', 'Other', '1', 16, '2021-06-24 09:48:09'),
(91, '', 'Join Events', '1', 17, '2021-06-24 09:50:43'),
(92, '', 'Pimp your Home', '1', 17, '2021-06-24 09:50:43'),
(93, '', 'It\'s all About Colors', '1', 17, '2021-07-26 10:58:44'),
(94, '', 'Behind the Scenes', '1', 17, '2021-06-24 09:50:43'),
(95, '', 'Real-life Stories', '1', 17, '2021-06-24 09:50:43'),
(96, '', 'Sharing Knowledge', '1', 17, '2021-06-24 09:50:43'),
(97, '', 'Book a Session', '1', 17, '2021-06-24 09:50:43'),
(98, '', 'Gift Ideas', '1', 17, '2021-06-24 09:50:43'),
(99, '', 'Special Occasions', '1', 17, '2021-06-24 09:50:43'),
(100, '', 'Other', '1', 17, '2021-06-24 09:50:43'),
(111, '', 'Join Events', '1', 18, '2021-06-24 09:53:38'),
(112, '', 'Capturing Special Moments', '1', 18, '2021-06-24 09:53:38'),
(113, '', 'Best Places for Epic Results', '1', 18, '2021-06-24 09:53:38'),
(114, '', 'Behind the Scenes', '1', 18, '2021-06-24 09:53:38'),
(115, '', 'Real-life Stories', '1', 18, '2021-06-24 09:53:38'),
(116, '', 'Sharing Knowledge', '1', 18, '2021-06-24 09:53:38'),
(117, '', 'Book a Session', '1', 18, '2021-06-24 09:53:38'),
(118, '', 'Gift Ideas', '1', 18, '2021-06-24 09:53:38'),
(119, '', 'Special Occasions', '1', 18, '2021-06-24 09:53:38'),
(120, '', 'Other', '1', 18, '2021-06-24 09:53:38');

--
-- Indexes for dumped tables
--

--
-- Indexes for table `tbl_categories`
--
ALTER TABLE `tbl_categories`
  ADD PRIMARY KEY (`cat_id`);

--
-- Indexes for table `tbl_deal_tags`
--
ALTER TABLE `tbl_deal_tags`
  ADD PRIMARY KEY (`deal_tag_id`);

--
-- Indexes for table `tbl_occassions`
--
ALTER TABLE `tbl_occassions`
  ADD PRIMARY KEY (`post_occassion_id`);

--
-- Indexes for table `tbl_post`
--
ALTER TABLE `tbl_post`
  ADD PRIMARY KEY (`post_id`),
  ADD KEY `post_cat_id` (`post_cat_id`),
  ADD KEY `post_topic_id` (`post_topic_id`),
  ADD KEY `post_deal_tag` (`post_deal_tag`),
  ADD KEY `seller_id` (`seller_id`);

--
-- Indexes for table `tbl_post_comment`
--
ALTER TABLE `tbl_post_comment`
  ADD PRIMARY KEY (`pc_id`),
  ADD KEY `pc_user_id` (`pc_user_id`),
  ADD KEY `pc_post_id` (`pc_post_id`);

--
-- Indexes for table `tbl_post_rating_info`
--
ALTER TABLE `tbl_post_rating_info`
  ADD PRIMARY KEY (`rating_id`),
  ADD KEY `rat_user_id` (`rat_user_id`),
  ADD KEY `rat_post_id` (`rat_post_id`);

--
-- Indexes for table `tbl_post_tags`
--
ALTER TABLE `tbl_post_tags`
  ADD PRIMARY KEY (`post_tag_id`),
  ADD KEY `cat_id` (`cat_id`);

--
-- Indexes for table `tbl_topics`
--
ALTER TABLE `tbl_topics`
  ADD PRIMARY KEY (`topic_id`),
  ADD KEY `cat_id` (`cat_id`);

--
-- AUTO_INCREMENT for dumped tables
--

--
-- AUTO_INCREMENT for table `tbl_categories`
--
ALTER TABLE `tbl_categories`
  MODIFY `cat_id` int(11) NOT NULL AUTO_INCREMENT, AUTO_INCREMENT=21;

--
-- AUTO_INCREMENT for table `tbl_deal_tags`
--
ALTER TABLE `tbl_deal_tags`
  MODIFY `deal_tag_id` int(11) NOT NULL AUTO_INCREMENT, AUTO_INCREMENT=13;

--
-- AUTO_INCREMENT for table `tbl_occassions`
--
ALTER TABLE `tbl_occassions`
  MODIFY `post_occassion_id` int(11) NOT NULL AUTO_INCREMENT, AUTO_INCREMENT=22;

--
-- AUTO_INCREMENT for table `tbl_post`
--
ALTER TABLE `tbl_post`
  MODIFY `post_id` int(11) NOT NULL AUTO_INCREMENT, AUTO_INCREMENT=186;

--
-- AUTO_INCREMENT for table `tbl_post_comment`
--
ALTER TABLE `tbl_post_comment`
  MODIFY `pc_id` int(11) NOT NULL AUTO_INCREMENT, AUTO_INCREMENT=45;

--
-- AUTO_INCREMENT for table `tbl_post_rating_info`
--
ALTER TABLE `tbl_post_rating_info`
  MODIFY `rating_id` int(11) NOT NULL AUTO_INCREMENT, AUTO_INCREMENT=310;

--
-- AUTO_INCREMENT for table `tbl_post_tags`
--
ALTER TABLE `tbl_post_tags`
  MODIFY `post_tag_id` int(11) NOT NULL AUTO_INCREMENT, AUTO_INCREMENT=363;

--
-- AUTO_INCREMENT for table `tbl_topics`
--
ALTER TABLE `tbl_topics`
  MODIFY `topic_id` int(11) NOT NULL AUTO_INCREMENT, AUTO_INCREMENT=122;

--
-- Constraints for dumped tables
--

--
-- Constraints for table `tbl_post_comment`
--
ALTER TABLE `tbl_post_comment`
  ADD CONSTRAINT `tbl_post_comment_ibfk_1` FOREIGN KEY (`pc_user_id`) REFERENCES `tbl_user` (`u_id`) ON DELETE CASCADE ON UPDATE CASCADE,
  ADD CONSTRAINT `tbl_post_comment_ibfk_2` FOREIGN KEY (`pc_post_id`) REFERENCES `tbl_post` (`post_id`) ON DELETE CASCADE ON UPDATE CASCADE;

--
-- Constraints for table `tbl_post_rating_info`
--
ALTER TABLE `tbl_post_rating_info`
  ADD CONSTRAINT `tbl_post_rating_info_ibfk_1` FOREIGN KEY (`rat_user_id`) REFERENCES `tbl_user` (`u_id`) ON DELETE CASCADE ON UPDATE CASCADE,
  ADD CONSTRAINT `tbl_post_rating_info_ibfk_2` FOREIGN KEY (`rat_post_id`) REFERENCES `tbl_post` (`post_id`) ON DELETE CASCADE ON UPDATE CASCADE;

--
-- Constraints for table `tbl_post_tags`
--
ALTER TABLE `tbl_post_tags`
  ADD CONSTRAINT `tbl_post_tags_ibfk_1` FOREIGN KEY (`cat_id`) REFERENCES `tbl_categories` (`cat_id`) ON DELETE CASCADE ON UPDATE CASCADE;

--
-- Constraints for table `tbl_topics`
--
ALTER TABLE `tbl_topics`
  ADD CONSTRAINT `tbl_topics_ibfk_1` FOREIGN KEY (`cat_id`) REFERENCES `tbl_categories` (`cat_id`) ON DELETE CASCADE ON UPDATE CASCADE;
COMMIT;

