{"id":10,"date":"2021-09-10T09:54:47","date_gmt":"2021-09-10T09:54:47","guid":{"rendered":"https:\/\/thewebions.com\/demos\/florianvgtle\/order2\/?page_id=10"},"modified":"2021-10-21T18:09:51","modified_gmt":"2021-10-21T18:09:51","slug":"elementor-10","status":"publish","type":"page","link":"https:\/\/thewebions.com\/demos\/florianvgtle\/order2\/","title":{"rendered":"Start"},"content":{"rendered":"<h1>SKI-LANGLAUF AUF DER <br \/>ATZENBERGER H\u00d6HE<\/h1>\n<p>\t\t\tEIN SPORT- UND NATURERLEBNIS<br \/>\n<\/br>MITTEN IN OBERSCHWABEN.\u200b<br \/>\n\t\t\t<a href=\"https:\/\/umap.openstreetmap.de\/de\/map\/loipen-plan_17244?scaleControl=false&#038;miniMap=false&#038;scrollWheelZoom=false&#038;zoomControl=true&#038;allowEdit=false&#038;moreControl=true&#038;searchControl=null&#038;tilelayersControl=null&#038;embedControl=null&#038;datalayersControl=true&#038;onLoadPanel=undefined&#038;captionBar=false#13\/47.9891\/9.6177\" target=\"_blank\" role=\"button\" rel=\"noopener\"><br \/>\n\t\t\t\t\t\tLAGEPLAN<br \/>\n\t\t\t\t\t<\/a><br \/>\n\t\t\t\t\t\t\t\t\t\t\t\t\t\t\t<img decoding=\"async\" width=\"58\" height=\"91\" src=\"https:\/\/thewebions.com\/demos\/florianvgtle\/order2\/wp-content\/uploads\/2021\/10\/arrow.png\" alt=\"\" loading=\"lazy\" srcset=\"https:\/\/thewebions.com\/demos\/florianvgtle\/order2\/wp-content\/uploads\/2021\/10\/arrow.png 58w, https:\/\/thewebions.com\/demos\/florianvgtle\/order2\/wp-content\/uploads\/2021\/10\/arrow-15x24.png 15w\" sizes=\"auto, (max-width: 58px) 100vw, 58px\" \/>\t\t\t\t\t\t\t\t\t\t\t\t\t\t\t<\/p>\n<h2>Ein Sport- und Naturerlebnis mit<br \/> \u00fcber 40KM Langlauf und Skating<\/h2>\n<p>Das weithin bekannte und beliebte Skilanglaufgebiet auf der Atzenberger H\u00f6he an der Grenze des Landkreisdreiecks Biberach-Ravensburg-Sigmaringen liegt in einer der sch\u00f6nsten Landschaften Oberschwabens. Auf der West- und S\u00fcdseite des H\u00f6henr\u00fcckens kann man herrliche Sonnenunterg\u00e4nge ge<br \/>\nnie\u00dfen und bei entsprechender Sicht hat man von hier einen traumhaften Blick auf die Alpenkette.<\/p>\n<p>\t\t\t<a role=\"button\"><br \/>\n\t\t\t\t\t\tLOIPE GESCHLOSSEN<br \/>\n\t\t\t\t\t<\/a><br \/>\n\t\t\t<a role=\"button\"><br \/>\n\t\t\t\t\t\tZUSTAND: &#8211;<br \/>\n\t\t\t\t\t<\/a><br \/>\n\t\t\t<a href=\"#\" role=\"button\"><br \/>\n\t\t\t\t\t\tLOIPENPLAN (PDF)<br \/>\n\t\t\t\t\t<\/a><\/p>\n<h3>UNSER LOIPEN, PL\u00c4NE &#038; INFOS<\/h3>\n<h4>LOIPE I, 9,4 KM<\/h4>\n<p>\t\t\tWALTER SCHEK RUNDE\t\t<\/p>\n<h4>LOIPE II, 4,1 KM<\/h4>\n<p>\t\t\tHOPFENBACH &#8211; BUCH<br \/>\n\t\t\t<a href=\"#\" role=\"button\"><br \/>\n\t\t\t\t\t\tLOIPENPLAN\u200b<\/br>DOWNLOADEN<br \/>\n\t\t\t\t\t<\/a><br \/>\n\t\t\t\t\t\t\t\t\t\t\t\t\t\t\t<img decoding=\"async\" width=\"886\" height=\"988\" src=\"https:\/\/thewebions.com\/demos\/florianvgtle\/order2\/wp-content\/uploads\/2021\/09\/LOnda-1.png\" alt=\"\" loading=\"lazy\" \/>\t\t\t\t\t\t\t\t\t\t\t\t\t\t\t<\/p>\n<h4>LOIPE III, 8,1 KM<\/h4>\n<p>\t\t\tGENUSSLOIPE\t\t<\/p>\n<h4>LOIPE IV, 3,6 KM<\/h4>\n<p>\t\t\tBURG CAFE &#8211; RUNDE<br \/>\n\t\t\t<a href=\"https:\/\/www.wetterwarte-sued.com\/v_1_0\/index.php\" role=\"button\"><br \/>\n\t\t\t\t\t\tWETTERWARTE<\/br>S\u00dcD\u200b<br \/>\n\t\t\t\t\t<\/a><\/p>\n<p>Das weithin bekannte und beliebte Skilanglaufgebiet auf der Atzenberger H\u00f6he an der Grenze des Landkreisdreiecks Biberach-Ravensburg-Sigmaringen liegt in einer der sch\u00f6nsten Landschaften Oberschwabens. Auf der West- und S\u00fcdseite des H\u00f6henr\u00fcckens kann man herrliche Sonnenunterg\u00e4nge ge nie\u00dfen und bei entsprechender Sicht hat man von hier einen traumhaften Blick auf die Alpenkette.<\/p>\n<p>\t\t\t\t\t\t\t\t\t\t\t\t\t\t\t<img decoding=\"async\" width=\"58\" height=\"91\" src=\"https:\/\/thewebions.com\/demos\/florianvgtle\/order2\/wp-content\/uploads\/2021\/10\/arrow.png\" alt=\"\" loading=\"lazy\" srcset=\"https:\/\/thewebions.com\/demos\/florianvgtle\/order2\/wp-content\/uploads\/2021\/10\/arrow.png 58w, https:\/\/thewebions.com\/demos\/florianvgtle\/order2\/wp-content\/uploads\/2021\/10\/arrow-15x24.png 15w\" sizes=\"auto, (max-width: 58px) 100vw, 58px\" \/><br \/>\n\t\t\t<a href=\"https:\/\/www.wetterwarte-sued.com\/v_1_0\/aktuelles\/vorhersage.php\" role=\"button\"><br \/>\n\t\t\t\t\t\tWETTERBERICHT<br \/>\n\t\t\t\t\t<\/a><\/p>\n<h3>DIGITALER LOIPENPLAN<\/h3>\n<p>\t\t\t<iframe loading=\"lazy\" width=\"100%\" height=\"700px\" frameborder=\"0\" allowfullscreen src=\"\/\/umap.openstreetmap.de\/de\/map\/loipen-plan_17244?scaleControl=false&#038;miniMap=false&#038;scrollWheelZoom=false&#038;zoomControl=true&#038;allowEdit=false&#038;moreControl=true&#038;searchControl=null&#038;tilelayersControl=null&#038;embedControl=null&#038;datalayersControl=true&#038;onLoadPanel=undefined&#038;captionBar=false\"><\/iframe>\t\t<\/p>\n<h3>UNSERE SPONSOREN<\/h3>\n<figure class='gallery-item'>\n\t\t\t\t<a data-elementor-open-lightbox=\"yes\" data-elementor-lightbox-slideshow=\"f538f93\" data-elementor-lightbox-title=\"tws_sponsor\" href='https:\/\/thewebions.com\/demos\/florianvgtle\/order2\/wp-content\/uploads\/2021\/10\/tws_sponsor.jpg'><img decoding=\"async\" width=\"300\" height=\"179\" src=\"https:\/\/thewebions.com\/demos\/florianvgtle\/order2\/wp-content\/uploads\/2021\/10\/tws_sponsor-300x179.jpg\" alt=\"\" loading=\"lazy\" srcset=\"https:\/\/thewebions.com\/demos\/florianvgtle\/order2\/wp-content\/uploads\/2021\/10\/tws_sponsor-300x179.jpg 300w, https:\/\/thewebions.com\/demos\/florianvgtle\/order2\/wp-content\/uploads\/2021\/10\/tws_sponsor-24x14.jpg 24w, https:\/\/thewebions.com\/demos\/florianvgtle\/order2\/wp-content\/uploads\/2021\/10\/tws_sponsor.jpg 386w\" sizes=\"auto, (max-width: 300px) 100vw, 300px\" \/><\/a><br \/>\n\t\t\t<\/figure>\n<figure class='gallery-item'>\n\t\t\t\t<a data-elementor-open-lightbox=\"yes\" data-elementor-lightbox-slideshow=\"f538f93\" data-elementor-lightbox-title=\"aulendorf_sponsor\" href='https:\/\/thewebions.com\/demos\/florianvgtle\/order2\/wp-content\/uploads\/2021\/10\/aulendorf_sponsor.jpg'><img decoding=\"async\" width=\"300\" height=\"179\" src=\"https:\/\/thewebions.com\/demos\/florianvgtle\/order2\/wp-content\/uploads\/2021\/10\/aulendorf_sponsor-300x179.jpg\" alt=\"\" loading=\"lazy\" srcset=\"https:\/\/thewebions.com\/demos\/florianvgtle\/order2\/wp-content\/uploads\/2021\/10\/aulendorf_sponsor-300x179.jpg 300w, https:\/\/thewebions.com\/demos\/florianvgtle\/order2\/wp-content\/uploads\/2021\/10\/aulendorf_sponsor-24x14.jpg 24w, https:\/\/thewebions.com\/demos\/florianvgtle\/order2\/wp-content\/uploads\/2021\/10\/aulendorf_sponsor.jpg 386w\" sizes=\"auto, (max-width: 300px) 100vw, 300px\" \/><\/a><br \/>\n\t\t\t<\/figure>\n<figure class='gallery-item'>\n\t\t\t\t<a data-elementor-open-lightbox=\"yes\" data-elementor-lightbox-slideshow=\"f538f93\" data-elementor-lightbox-title=\"ebersbach_sponsor\" href='https:\/\/thewebions.com\/demos\/florianvgtle\/order2\/wp-content\/uploads\/2021\/10\/ebersbach_sponsor.jpg'><img decoding=\"async\" width=\"300\" height=\"179\" src=\"https:\/\/thewebions.com\/demos\/florianvgtle\/order2\/wp-content\/uploads\/2021\/10\/ebersbach_sponsor-300x179.jpg\" alt=\"\" loading=\"lazy\" srcset=\"https:\/\/thewebions.com\/demos\/florianvgtle\/order2\/wp-content\/uploads\/2021\/10\/ebersbach_sponsor-300x179.jpg 300w, https:\/\/thewebions.com\/demos\/florianvgtle\/order2\/wp-content\/uploads\/2021\/10\/ebersbach_sponsor-24x14.jpg 24w, https:\/\/thewebions.com\/demos\/florianvgtle\/order2\/wp-content\/uploads\/2021\/10\/ebersbach_sponsor.jpg 386w\" sizes=\"auto, (max-width: 300px) 100vw, 300px\" \/><\/a><br \/>\n\t\t\t<\/figure>\n<figure class='gallery-item'>\n\t\t\t\t<a data-elementor-open-lightbox=\"yes\" data-elementor-lightbox-slideshow=\"f538f93\" data-elementor-lightbox-title=\"sonnenhof_sponsor\" href='https:\/\/thewebions.com\/demos\/florianvgtle\/order2\/wp-content\/uploads\/2021\/10\/sonnenhof_sponsor.jpg'><img decoding=\"async\" width=\"300\" height=\"179\" src=\"https:\/\/thewebions.com\/demos\/florianvgtle\/order2\/wp-content\/uploads\/2021\/10\/sonnenhof_sponsor-300x179.jpg\" alt=\"\" loading=\"lazy\" srcset=\"https:\/\/thewebions.com\/demos\/florianvgtle\/order2\/wp-content\/uploads\/2021\/10\/sonnenhof_sponsor-300x179.jpg 300w, https:\/\/thewebions.com\/demos\/florianvgtle\/order2\/wp-content\/uploads\/2021\/10\/sonnenhof_sponsor-24x14.jpg 24w, https:\/\/thewebions.com\/demos\/florianvgtle\/order2\/wp-content\/uploads\/2021\/10\/sonnenhof_sponsor.jpg 386w\" sizes=\"auto, (max-width: 300px) 100vw, 300px\" \/><\/a><br \/>\n\t\t\t<\/figure>\n<figure class='gallery-item'>\n\t\t\t\t<a data-elementor-open-lightbox=\"yes\" data-elementor-lightbox-slideshow=\"f538f93\" data-elementor-lightbox-title=\"stankalla_sponsor\" href='https:\/\/thewebions.com\/demos\/florianvgtle\/order2\/wp-content\/uploads\/2021\/10\/stankalla_sponsor.jpg'><img decoding=\"async\" width=\"300\" height=\"179\" src=\"https:\/\/thewebions.com\/demos\/florianvgtle\/order2\/wp-content\/uploads\/2021\/10\/stankalla_sponsor-300x179.jpg\" alt=\"\" loading=\"lazy\" srcset=\"https:\/\/thewebions.com\/demos\/florianvgtle\/order2\/wp-content\/uploads\/2021\/10\/stankalla_sponsor-300x179.jpg 300w, https:\/\/thewebions.com\/demos\/florianvgtle\/order2\/wp-content\/uploads\/2021\/10\/stankalla_sponsor-24x14.jpg 24w, https:\/\/thewebions.com\/demos\/florianvgtle\/order2\/wp-content\/uploads\/2021\/10\/stankalla_sponsor.jpg 386w\" sizes=\"auto, (max-width: 300px) 100vw, 300px\" \/><\/a><br \/>\n\t\t\t<\/figure>\n<p>\t\t\t\t\t\t\t\t\t\t\t\t\t\t\t<img decoding=\"async\" width=\"58\" height=\"91\" src=\"https:\/\/thewebions.com\/demos\/florianvgtle\/order2\/wp-content\/uploads\/2021\/10\/arrow.png\" alt=\"\" loading=\"lazy\" srcset=\"https:\/\/thewebions.com\/demos\/florianvgtle\/order2\/wp-content\/uploads\/2021\/10\/arrow.png 58w, https:\/\/thewebions.com\/demos\/florianvgtle\/order2\/wp-content\/uploads\/2021\/10\/arrow-15x24.png 15w\" sizes=\"auto, (max-width: 58px) 100vw, 58px\" \/>\t\t\t\t\t\t\t\t\t\t\t\t\t\t\t<\/p>\n<h3>DER VEREIN<\/h3>\n<p>Das weithin bekannte und beliebte Skilanglaufgebiet auf der Atzenberger H\u00f6he an der Grenze des Landkreisdreiecks Biberach-Ravensburg-Sigmaringen liegt in einer der sch\u00f6nsten Landschaften Oberschwabens. Auf der West- und S\u00fcdseite des H\u00f6henr\u00fcckens kann man herrliche Sonnenunterg\u00e4nge ge nie\u00dfen und bei entsprechender Sicht hat man von hier einen traumhaften Blick auf die Alpenkette.<\/p>\n<p>\t\t\t<a href=\"https:\/\/www.google.com\/\" target=\"_blank\" role=\"button\" rel=\"noopener\"><br \/>\n\t\t\t\t\t\tDIGITAL SPENDEN<br \/>\n\t\t\t\t\t<\/a><br \/>\n\t\t\tDon&#8217;t Hesitate to give us a call or just use the contact form below\t\t<\/p>\n<ul>\n<li>\n\t\t\t\t\t\t\t\t\t\t99 Sahara, San Francisco, CA 90043, US\n\t\t\t\t\t\t\t\t\t<\/li>\n<li>\n\t\t\t\t\t\t\t\t\t\t+000 123456789\n\t\t\t\t\t\t\t\t\t<\/li>\n<li>\n\t\t\t\t\t\t\t\t\t\tcontact@exaple.com\n\t\t\t\t\t\t\t\t\t<\/li>\n<\/ul>\n<h3>MITGLIED WERDEN<\/h3>\n<p>\t\t[wpforms id=&#8220;249&#8243; title=&#8220;false&#8220; description=&#8220;false&#8220;]<\/p>\n","protected":false},"excerpt":{"rendered":"<p>SKI-LANGLAUF AUF DER ATZENBERGER H\u00d6HE EIN SPORT- UND NATURERLEBNIS MITTEN IN OBERSCHWABEN.\u200b LAGEPLAN Ein Sport- und Naturerlebnis mit \u00fcber 40KM Langlauf und Skating Das weithin bekannte und beliebte Skilanglaufgebiet auf der Atzenberger H\u00f6he an der Grenze des Landkreisdreiecks Biberach-Ravensburg-Sigmaringen liegt in einer der sch\u00f6nsten Landschaften Oberschwabens. Auf der West- und S\u00fcdseite des H\u00f6henr\u00fcckens kann man &hellip;<\/p>\n<p class=\"read-more\"> <a class=\"\" href=\"https:\/\/thewebions.com\/demos\/florianvgtle\/order2\/\"> <span class=\"screen-reader-text\">Start<\/span> Weiterlesen &raquo;<\/a><\/p>\n","protected":false},"author":1,"featured_media":0,"parent":0,"menu_order":0,"comment_status":"closed","ping_status":"closed","template":"","meta":{"footnotes":""},"class_list":["post-10","page","type-page","status-publish","hentry"],"_links":{"self":[{"href":"https:\/\/thewebions.com\/demos\/florianvgtle\/order2\/wp-json\/wp\/v2\/pages\/10","targetHints":{"allow":["GET"]}}],"collection":[{"href":"https:\/\/thewebions.com\/demos\/florianvgtle\/order2\/wp-json\/wp\/v2\/pages"}],"about":[{"href":"https:\/\/thewebions.com\/demos\/florianvgtle\/order2\/wp-json\/wp\/v2\/types\/page"}],"author":[{"embeddable":true,"href":"https:\/\/thewebions.com\/demos\/florianvgtle\/order2\/wp-json\/wp\/v2\/users\/1"}],"replies":[{"embeddable":true,"href":"https:\/\/thewebions.com\/demos\/florianvgtle\/order2\/wp-json\/wp\/v2\/comments?post=10"}],"version-history":[{"count":434,"href":"https:\/\/thewebions.com\/demos\/florianvgtle\/order2\/wp-json\/wp\/v2\/pages\/10\/revisions"}],"predecessor-version":[{"id":828,"href":"https:\/\/thewebions.com\/demos\/florianvgtle\/order2\/wp-json\/wp\/v2\/pages\/10\/revisions\/828"}],"wp:attachment":[{"href":"https:\/\/thewebions.com\/demos\/florianvgtle\/order2\/wp-json\/wp\/v2\/media?parent=10"}],"curies":[{"name":"wp","href":"https:\/\/api.w.org\/{rel}","templated":true}]}}